06-06 06:34:40.329 26967 27083 E _V_SensorManager: registerListenerImpl type:1 strType=android.sensor.accelerometer delay:200000 maxLatency:0 by: class ms.bd.o.r1 num: 1
06-06 06:34:41.336 26967 27083 E _V_SensorManager: unregisterListenerImpl listener=ms.bd.o.r1@e6320f8sensor=NULL num: 2
06-06 06:34:44.848 26967 26980 E gcblocker: too long GC blocking
06-06 06:34:44.848 26967 26980 E gcblocker: gc block end, 89967032,5007
06-06 06:34:51.082 397 397 E SELinux : avc: denied { find } for interface=vendor.vivo.hardware.vperf::IVPerf sid=u:r:untrusted_app:s0:c215,c256,c512,c768 pid=26967 scontext=u:r:untrusted_app:s0:c215,c256,c512,c768 tcontext=u:object_r:hal_vperf_hwservice:s0 tclass=hwservice_manager permissive=0
06-06 06:34:51.082 26967 26967 E ANDR-VIVO-PERF: IVPerf::tryGetService failed!
06-06 06:34:52.480 26967 15000 E BufferQueueProducer: [SurfaceTexture-0-26967-101](id:695700000065,api:3,p:26967,c:26967) queueBuffer: BufferQueue has been abandoned
06-06 06:34:52.480 26967 15000 E Surface : queueBuffer: error queuing buffer to SurfaceTexture, -19
06-06 06:34:52.480 26967 15000 E ACodec : queueBuffer failed in onOutputBufferDrained: -19
06-06 06:34:52.480 26967 15000 E ACodec : signalError(omxError 0x80001001, internalError -19)
06-06 06:34:52.481 26967 14999 E MediaCodec: Codec reported err 0xffffffed, actionCode 0, while in state 6
06-06 06:34:52.481 26967 14999 E Surface : freeAllBuffers: 13 buffers were freed while being dequeued!
06-06 06:34:52.603 26967 15000 E Surface : getSlotFromBufferLocked: unknown buffer: 0x7a6e60eb00
06-06 06:34:52.605 26967 15000 E Surface : getSlotFromBufferLocked: unknown buffer: 0x7a6e60e320
06-06 06:34:52.606 26967 15000 E Surface : getSlotFromBufferLocked: unknown buffer: 0x7a74585d20
06-06 06:34:52.608 26967 15000 E Surface : getSlotFromBufferLocked: unknown buffer: 0x7a6e60ea20
06-06 06:34:52.609 26967 15000 E Surface : getSlotFromBufferLocked: unknown buffer: 0x7a6e60ebe0
06-06 06:34:52.610 26967 15000 E Surface : getSlotFromBufferLocked: unknown buffer: 0x7a6e60f040
06-06 06:34:52.612 26967 15000 E Surface : getSlotFromBufferLocked: unknown buffer: 0x7a6e60f120
06-06 06:34:52.613 26967 15000 E Surface : getSlotFromBufferLocked: unknown buffer: 0x7a6e60f200
06-06 06:34:52.614 26967 15000 E Surface : getSlotFromBufferLocked: unknown buffer: 0x7a6e60f2e0
06-06 06:34:52.615 26967 15000 E Surface : getSlotFromBufferLocked: unknown buffer: 0x7a2a63bd20
06-06 06:34:52.618 26967 15000 E Surface : getSlotFromBufferLocked: unknown buffer: 0x7a2a63bfc0
06-06 06:34:52.620 26967 15000 E Surface : getSlotFromBufferLocked: unknown buffer: 0x7a2a63cea0
06-06 06:34:52.621 26967 15000 E Surface : getSlotFromBufferLocked: unknown buffer: 0x7a2a63cf80
06-06 06:34:52.622 26967 15000 E Surface : getSlotFromBufferLocked: unknown buffer: 0x7a2a63d060
06-06 06:34:52.977 26967 26967 E libprocessgroup: set_timerslack_ns write failed: Operation not permitted
06-06 06:34:53.352 397 397 E SELinux : avc: denied { find } for interface=vendor.vivo.hardware.vperf::IVPerf sid=u:r:untrusted_app:s0:c215,c256,c512,c768 pid=26967 scontext=u:r:untrusted_app:s0:c215,c256,c512,c768 tcontext=u:object_r:hal_vperf_hwservice:s0 tclass=hwservice_manager permissive=0
06-06 06:34:53.353 26967 26967 E ANDR-VIVO-PERF: IVPerf::tryGetService failed!
06-06 06:34:53.988 26967 27396 E AudioTrack: getpackName can't get client name
06-06 06:34:55.059 26967 28123 E LSNetworkProbeEngine: [NetworkProber]SetProbeInterval: -1
06-06 06:34:55.069 26967 28123 E LSNetworkProbeEngine: [NetworkProber]SetProbeInterval: -1
06-06 06:34:57.408 397 397 E SELinux : avc: denied { find } for interface=vendor.vivo.hardware.vperf::IVPerf sid=u:r:untrusted_app:s0:c215,c256,c512,c768 pid=26967 scontext=u:r:untrusted_app:s0:c215,c256,c512,c768 tcontext=u:object_r:hal_vperf_hwservice:s0 tclass=hwservice_manager permissive=0
06-06 06:34:57.408 26967 26967 E ANDR-VIVO-PERF: IVPerf::tryGetService failed!
06-06 06:34:58.305 26967 26967 E libprocessgroup: set_timerslack_ns write failed: Operation not permitted
06-06 06:34:58.454 26967 15313 E BufferQueueProducer: [SurfaceTexture-0-26967-103](id:695700000067,api:3,p:26967,c:26967) queueBuffer: BufferQueue has been abandoned
06-06 06:34:58.454 26967 15313 E Surface : queueBuffer: error queuing buffer to SurfaceTexture, -19
06-06 06:34:58.455 26967 15313 E ACodec : queueBuffer failed in onOutputBufferDrained: -19
06-06 06:34:58.455 26967 15313 E ACodec : signalError(omxError 0x80001001, internalError -19)
06-06 06:34:58.455 26967 15312 E MediaCodec: Codec reported err 0xffffffed, actionCode 0, while in state 6
06-06 06:34:58.455 26967 15312 E Surface : freeAllBuffers: 8 buffers were freed while being dequeued!
06-06 06:34:58.523 26967 15313 E Surface : getSlotFromBufferLocked: unknown buffer: 0x7ab1dc7ae0
06-06 06:34:58.524 26967 15313 E Surface : getSlotFromBufferLocked: unknown buffer: 0x7ab1dc7920
06-06 06:34:58.524 26967 15275 E BufferQueueProducer: [SurfaceTexture-0-26967-102](id:695700000066,api:3,p:26967,c:26967) queueBuffer: BufferQueue has been abandoned
06-06 06:34:58.525 26967 15275 E Surface : queueBuffer: error queuing buffer to SurfaceTexture, -19
06-06 06:34:58.525 26967 15275 E ACodec : queueBuffer failed in onOutputBufferDrained: -19
06-06 06:34:58.525 26967 15275 E ACodec : signalError(omxError 0x80001001, internalError -19)
06-06 06:34:58.526 26967 15313 E Surface : getSlotFromBufferLocked: unknown buffer: 0x7ab1dc7a00
06-06 06:34:58.526 26967 15274 E MediaCodec: Codec reported err 0xffffffed, actionCode 0, while in state 6
06-06 06:34:58.526 26967 15313 E Surface : getSlotFromBufferLocked: unknown buffer: 0x7ab1dc6420
06-06 06:34:58.527 26967 15274 E Surface : freeAllBuffers: 13 buffers were freed while being dequeued!
06-06 06:34:58.528 26967 15313 E Surface : getSlotFromBufferLocked: unknown buffer: 0x7ab1dc7d80
06-06 06:34:58.528 26967 15313 E Surface : getSlotFromBufferLocked: unknown buffer: 0x7aedd873a0
06-06 06:34:58.531 26967 15313 E Surface : getSlotFromBufferLocked: unknown buffer: 0x7aedd87c60
06-06 06:34:58.532 26967 15313 E Surface : getSlotFromBufferLocked: unknown buffer: 0x7aedd87fe0
06-06 06:34:58.533 26967 15313 E Surface : getSlotFromBufferLocked: unknown buffer: 0x7aed3f5400
06-06 06:34:58.607 26967 15275 E Surface : getSlotFromBufferLocked: unknown buffer: 0x7ab96782c0
06-06 06:34:58.608 26967 15275 E Surface : getSlotFromBufferLocked: unknown buffer: 0x7abae549a0
06-06 06:34:58.610 26967 15275 E Surface : getSlotFromBufferLocked: unknown buffer: 0x7ab9678480
06-06 06:34:58.610 26967 15275 E Surface : getSlotFromBufferLocked: unknown buffer: 0x7ab9678560
06-06 06:34:58.611 26967 15275 E Surface : getSlotFromBufferLocked: unknown buffer: 0x7ab9678640
06-06 06:34:58.611 26967 15275 E Surface : getSlotFromBufferLocked: unknown buffer: 0x7ab9678800
06-06 06:34:58.612 26967 15275 E Surface : getSlotFromBufferLocked: unknown buffer: 0x7ab96788e0
06-06 06:34:58.613 26967 15275 E Surface : getSlotFromBufferLocked: unknown buffer: 0x7ab96789c0
06-06 06:34:58.614 26967 15275 E Surface : getSlotFromBufferLocked: unknown buffer: 0x7abac29960
06-06 06:34:58.616 26967 15275 E Surface : getSlotFromBufferLocked: unknown buffer: 0x7abac2ef20
06-06 06:34:58.617 26967 15275 E Surface : getSlotFromBufferLocked: unknown buffer: 0x7abae54620
06-06 06:34:58.619 26967 15275 E Surface : getSlotFromBufferLocked: unknown buffer: 0x7abae56f40
06-06 06:34:58.620 26967 26967 E libprocessgroup: set_timerslack_ns write failed: Operation not permitted
06-06 06:34:58.620 26967 15275 E Surface : getSlotFromBufferLocked: unknown buffer: 0x7abae57560
06-06 06:34:58.620 26967 26967 E libprocessgroup: set_timerslack_ns write failed: Operation not permitted
06-06 06:34:58.620 26967 26967 E libprocessgroup: set_timerslack_ns write failed: Operation not permitted
06-06 06:34:58.621 26967 15275 E Surface : getSlotFromBufferLocked: unknown buffer: 0x7abae586e0
06-06 06:34:58.916 397 397 E SELinux : avc: denied { find } for interface=vendor.vivo.hardware.vperf::IVPerf sid=u:r:untrusted_app:s0:c215,c256,c512,c768 pid=26967 scontext=u:r:untrusted_app:s0:c215,c256,c512,c768 tcontext=u:object_r:hal_vperf_hwservice:s0 tclass=hwservice_manager permissive=0
06-06 06:34:58.916 26967 26967 E ANDR-VIVO-PERF: IVPerf::tryGetService failed!
06-06 06:34:58.975 26967 27435 E AudioTrack: getpackName can't get client name
06-06 06:34:59.163 26967 26980 E gcblocker: too long GC blocking
06-06 06:34:59.564 26967 26980 I chatty : uid=10215(com.zhiliaoapp.musically) HeapTaskDaemon identical 4 lines
06-06 06:34:59.664 26967 26980 E gcblocker: too long GC blocking
06-06 06:34:59.665 26967 26980 E gcblocker: gc block end, 89981349,5506
06-06 06:35:00.845 26967 26967 E libprocessgroup: set_timerslack_ns write failed: Operation not permitted
06-06 06:35:03.872 26967 28162 E LSNetworkProbeEngine: [NetworkProber] no probe task and sleep for 30s
06-06 06:35:06.972 26967 26980 E gcblocker: too long GC blocking
06-06 06:35:06.972 26967 26980 E gcblocker: gc block end, 89989157,5006
06-06 06:35:16.957 26967 26967 E Instrumentation: Uninitialized ActivityThread, likely app-created Instrumentation, disabling AppComponentFactory
06-06 06:35:16.957 26967 26967 E Instrumentation: java.lang.Throwable
06-06 06:35:16.957 26967 26967 E Instrumentation: at android.app.Instrumentation.getFactory(Instrumentation.java:1312)
06-06 06:35:16.957 26967 26967 E Instrumentation: at android.app.Instrumentation.newActivity(Instrumentation.java:1303)
06-06 06:35:16.957 26967 26967 E Instrumentation: at android.app.ActivityThread.performLaunchActivity(ActivityThread.java:3738)
06-06 06:35:16.957 26967 26967 E Instrumentation: at android.app.ActivityThread.handleLaunchActivity(ActivityThread.java:3997)
06-06 06:35:16.957 26967 26967 E Instrumentation: at android.app.servertransaction.LaunchActivityItem.execute(LaunchActivityItem.java:85)
06-06 06:35:16.957 26967 26967 E Instrumentation: at android.app.servertransaction.TransactionExecutor.executeCallbacks(TransactionExecutor.java:135)
06-06 06:35:16.957 26967 26967 E Instrumentation: at android.app.servertransaction.TransactionExecutor.execute(TransactionExecutor.java:95)
06-06 06:35:16.957 26967 26967 E Instrumentation: at android.app.ActivityThread$H.handleMessage(ActivityThread.java:2380)
06-06 06:35:16.957 26967 26967 E Instrumentation: at android.os.Handler.dispatchMessage(Handler.java:106)
06-06 06:35:16.957 26967 26967 E Instrumentation: at android.os.Looper.loop(Looper.java:257)
06-06 06:35:16.957 26967 26967 E Instrumentation: at android.app.ActivityThread.main(ActivityThread.java:8335)
06-06 06:35:16.957 26967 26967 E Instrumentation: at java.lang.reflect.Method.invoke(Native Method)
06-06 06:35:16.957 26967 26967 E Instrumentation: at com.android.internal.os.RuntimeInit$MethodAndArgsCaller.run(RuntimeInit.java:626)
06-06 06:35:16.957 26967 26967 E Instrumentation: at com.android.internal.os.ZygoteInit.main(ZygoteInit.java:1032)
06-06 06:35:17.163 26967 26967 E Instrumentation: Uninitialized ActivityThread, likely app-created Instrumentation, disabling AppComponentFactory
06-06 06:35:17.163 26967 26967 E Instrumentation: java.lang.Throwable
06-06 06:35:17.163 26967 26967 E Instrumentation: at android.app.Instrumentation.getFactory(Instrumentation.java:1312)
06-06 06:35:17.163 26967 26967 E Instrumentation: at android.app.Instrumentation.newActivity(Instrumentation.java:1303)
06-06 06:35:17.163 26967 26967 E Instrumentation: at android.app.ActivityThread.performLaunchActivity(ActivityThread.java:3738)
06-06 06:35:17.163 26967 26967 E Instrumentation: at android.app.ActivityThread.handleLaunchActivity(ActivityThread.java:3997)
06-06 06:35:17.163 26967 26967 E Instrumentation: at android.app.servertransaction.LaunchActivityItem.execute(LaunchActivityItem.java:85)
06-06 06:35:17.163 26967 26967 E Instrumentation: at android.app.servertransaction.TransactionExecutor.executeCallbacks(TransactionExecutor.java:135)
06-06 06:35:17.163 26967 26967 E Instrumentation: at android.app.servertransaction.TransactionExecutor.execute(TransactionExecutor.java:95)
06-06 06:35:17.163 26967 26967 E Instrumentation: at android.app.ActivityThread$H.handleMessage(ActivityThread.java:2380)
06-06 06:35:17.163 26967 26967 E Instrumentation: at android.os.Handler.dispatchMessage(Handler.java:106)
06-06 06:35:17.163 26967 26967 E Instrumentation: at android.os.Looper.loop(Looper.java:257)
06-06 06:35:17.163 26967 26967 E Instrumentation: at android.app.ActivityThread.main(ActivityThread.java:8335)
06-06 06:35:17.163 26967 26967 E Instrumentation: at java.lang.reflect.Method.invoke(Native Method)
06-06 06:35:17.163 26967 26967 E Instrumentation: at com.android.internal.os.RuntimeInit$MethodAndArgsCaller.run(RuntimeInit.java:626)
06-06 06:35:17.163 26967 26967 E Instrumentation: at com.android.internal.os.ZygoteInit.main(ZygoteInit.java:1032)
06-06 06:35:17.793 26967 15417 E libc : Access denied finding property "persist.vendor.camera.privapp.list"
06-06 06:35:17.796 831 3757 E CameraService: Permission Denial: can't use the camera pid=26967, uid=10215
06-06 06:35:17.802 26967 15417 E _V_SensorManager: unregisterListenerImpl listener=X.WlL@c178f34sensor=android.sensor.gyroscope num: 1
06-06 06:35:17.804 26967 15417 E _V_SensorManager: unregisterListenerImpl listener=X.WlL@c178f34sensor=android.sensor.gyroscope num: 1
06-06 06:35:18.641 26967 15430 E AE_ALGORITHM_TAG: ## 2023-06-06 06:35:18 [threadid:2198363328,AlgorithmManager.cpp,327] ERROR ## [AE_ALGORITHM_TAG]AlgorithmManager::Impl m_host is 0x7a99e6eac0
06-06 06:35:18.739 26967 15430 E AE_ALGORITHM_TAG: ## 2023-06-06 06:35:18 [threadid:2198363328,AlgorithmManager.cpp,327] ERROR ## [AE_ALGORITHM_TAG]AlgorithmManager::Impl m_host is 0x7af0d67300
06-06 06:35:19.032 625 8071 E AudioPolicyIntefaceImpl: getInputForAttr permission denied: recording not allowed for uid 10215 pid 26967
06-06 06:35:19.032 26967 15451 E IAudioFlinger: createRecord returned error -1
06-06 06:35:19.032 26967 15451 E AudioRecord: createRecord_l(1667855973): AudioFlinger could not create record track, status: -1
06-06 06:35:19.032 26967 15451 E AudioRecord-JNI: Error creating AudioRecord instance: initialization check failed with status -1.
06-06 06:35:19.033 26967 15451 E android.media.AudioRecord: Error code -20 when initializing native AudioRecord object.
06-06 06:35:19.047 625 8071 E AudioPolicyIntefaceImpl: getInputForAttr permission denied: recording not allowed for uid 10215 pid 26967
06-06 06:35:19.048 26967 15451 E IAudioFlinger: createRecord returned error -1
06-06 06:35:19.048 26967 15451 E AudioRecord: createRecord_l(1667855973): AudioFlinger could not create record track, status: -1
06-06 06:35:19.048 26967 15451 E AudioRecord-JNI: Error creating AudioRecord instance: initialization check failed with status -1.
06-06 06:35:19.048 26967 15451 E android.media.AudioRecord: Error code -20 when initializing native AudioRecord object.
06-06 06:35:19.062 625 8071 E AudioPolicyIntefaceImpl: getInputForAttr permission denied: recording not allowed for uid 10215 pid 26967
06-06 06:35:19.062 26967 15451 E IAudioFlinger: createRecord returned error -1
06-06 06:35:19.062 26967 15451 E AudioRecord: createRecord_l(1667855973): AudioFlinger could not create record track, status: -1
06-06 06:35:19.062 26967 15451 E AudioRecord-JNI: Error creating AudioRecord instance: initialization check failed with status -1.
06-06 06:35:19.063 26967 15451 E android.media.AudioRecord: Error code -20 when initializing native AudioRecord object.
06-06 06:35:19.076 625 8071 E AudioPolicyIntefaceImpl: getInputForAttr permission denied: recording not allowed for uid 10215 pid 26967
06-06 06:35:19.076 26967 15451 E IAudioFlinger: createRecord returned error -1
06-06 06:35:19.077 26967 15451 E AudioRecord: createRecord_l(1667855973): AudioFlinger could not create record track, status: -1
06-06 06:35:19.077 26967 15451 E AudioRecord-JNI: Error creating AudioRecord instance: initialization check failed with status -1.
06-06 06:35:19.077 26967 15451 E android.media.AudioRecord: Error code -20 when initializing native AudioRecord object.
06-06 06:35:19.090 625 8071 E AudioPolicyIntefaceImpl: getInputForAttr permission denied: recording not allowed for uid 10215 pid 26967
06-06 06:35:19.090 26967 15451 E IAudioFlinger: createRecord returned error -1
06-06 06:35:19.090 26967 15451 E AudioRecord: createRecord_l(1667855973): AudioFlinger could not create record track, status: -1
06-06 06:35:19.090 26967 15451 E AudioRecord-JNI: Error creating AudioRecord instance: initialization check failed with status -1.
06-06 06:35:19.090 26967 15451 E android.media.AudioRecord: Error code -20 when initializing native AudioRecord object.
06-06 06:35:19.102 625 8071 E AudioPolicyIntefaceImpl: getInputForAttr permission denied: recording not allowed for uid 10215 pid 26967
06-06 06:35:19.103 26967 15451 E IAudioFlinger: createRecord returned error -1
06-06 06:35:19.103 26967 15451 E AudioRecord: createRecord_l(1667855973): AudioFlinger could not create record track, status: -1
06-06 06:35:19.103 26967 15451 E AudioRecord-JNI: Error creating AudioRecord instance: initialization check failed with status -1.
06-06 06:35:19.104 26967 15451 E android.media.AudioRecord: Error code -20 when initializing native AudioRecord object.
06-06 06:35:19.116 625 8071 E AudioPolicyIntefaceImpl: getInputForAttr permission denied: recording not allowed for uid 10215 pid 26967
06-06 06:35:19.116 26967 15451 E IAudioFlinger: createRecord returned error -1
06-06 06:35:19.116 26967 15451 E AudioRecord: createRecord_l(1667855973): AudioFlinger could not create record track, status: -1
06-06 06:35:19.116 26967 15451 E AudioRecord-JNI: Error creating AudioRecord instance: initialization check failed with status -1.
06-06 06:35:19.117 26967 15451 E android.media.AudioRecord: Error code -20 when initializing native AudioRecord object.
06-06 06:35:19.130 625 8071 E AudioPolicyIntefaceImpl: getInputForAttr permission denied: recording not allowed for uid 10215 pid 26967
06-06 06:35:19.131 26967 15451 E IAudioFlinger: createRecord returned error -1
06-06 06:35:19.131 26967 15451 E AudioRecord: createRecord_l(1667855973): AudioFlinger could not create record track, status: -1
06-06 06:35:19.131 26967 15451 E AudioRecord-JNI: Error creating AudioRecord instance: initialization check failed with status -1.
06-06 06:35:19.131 26967 15451 E android.media.AudioRecord: Error code -20 when initializing native AudioRecord object.
06-06 06:35:19.149 625 8071 E AudioPolicyIntefaceImpl: getInputForAttr permission denied: recording not allowed for uid 10215 pid 26967
06-06 06:35:19.149 26967 15451 E IAudioFlinger: createRecord returned error -1
06-06 06:35:19.149 26967 15451 E AudioRecord: createRecord_l(1667855973): AudioFlinger could not create record track, status: -1
06-06 06:35:19.150 26967 15451 E AudioRecord-JNI: Error creating AudioRecord instance: initialization check failed with status -1.
06-06 06:35:19.150 26967 15451 E android.media.AudioRecord: Error code -20 when initializing native AudioRecord object.
06-06 06:35:19.164 625 8071 E AudioPolicyIntefaceImpl: getInputForAttr permission denied: recording not allowed for uid 10215 pid 26967
06-06 06:35:19.164 26967 15451 E IAudioFlinger: createRecord returned error -1
06-06 06:35:19.164 26967 15451 E AudioRecord: createRecord_l(1667855973): AudioFlinger could not create record track, status: -1
06-06 06:35:19.164 26967 15451 E AudioRecord-JNI: Error creating AudioRecord instance: initialization check failed with status -1.
06-06 06:35:19.165 26967 15451 E android.media.AudioRecord: Error code -20 when initializing native AudioRecord object.
06-06 06:35:19.177 625 8071 E AudioPolicyIntefaceImpl: getInputForAttr permission denied: recording not allowed for uid 10215 pid 26967
06-06 06:35:19.177 26967 15451 E IAudioFlinger: createRecord returned error -1
06-06 06:35:19.177 26967 15451 E AudioRecord: createRecord_l(1667855973): AudioFlinger could not create record track, status: -1
06-06 06:35:19.178 26967 15451 E AudioRecord-JNI: Error creating AudioRecord instance: initialization check failed with status -1.
06-06 06:35:19.178 26967 15451 E android.media.AudioRecord: Error code -20 when initializing native AudioRecord object.
06-06 06:35:21.923 602 698 I libPowerHal: [perfNotifyAppState] foreground:com.zhiliaoapp.musically, pid:26967, uid:10215
06-06 06:35:22.021 26967 26980 E gcblocker: too long GC blocking
06-06 06:35:22.021 26967 26980 E gcblocker: gc block end, 90004131,5081
06-06 06:35:22.032 625 8071 E AudioPolicyIntefaceImpl: getInputForAttr permission denied: recording not allowed for uid 10215 pid 26967
06-06 06:35:22.032 26967 15500 E IAudioFlinger: createRecord returned error -1
06-06 06:35:22.033 26967 15500 E AudioRecord: createRecord_l(0): AudioFlinger could not create record track, status: -1
06-06 06:35:22.033 26967 15500 E AudioRecord-JNI: Error creating AudioRecord instance: initialization check failed with status -1.
06-06 06:35:22.041 26967 15500 E android.media.AudioRecord: Error code -20 when initializing native AudioRecord object.
06-06 06:35:22.087 625 8071 E AudioPolicyIntefaceImpl: getInputForAttr permission denied: recording not allowed for uid 10215 pid 26967
06-06 06:35:22.088 26967 15500 E IAudioFlinger: createRecord returned error -1
06-06 06:35:22.088 26967 15500 E AudioRecord: createRecord_l(0): AudioFlinger could not create record track, status: -1
06-06 06:35:22.088 26967 15500 E AudioRecord-JNI: Error creating AudioRecord instance: initialization check failed with status -1.
06-06 06:35:22.088 26967 15500 E android.media.AudioRecord: Error code -20 when initializing native AudioRecord object.
06-06 06:35:22.107 625 8071 E AudioPolicyIntefaceImpl: getInputForAttr permission denied: recording not allowed for uid 10215 pid 26967
06-06 06:35:22.108 26967 15500 E IAudioFlinger: createRecord returned error -1
06-06 06:35:22.108 26967 15500 E AudioRecord: createRecord_l(0): AudioFlinger could not create record track, status: -1
06-06 06:35:22.108 26967 15500 E AudioRecord-JNI: Error creating AudioRecord instance: initialization check failed with status -1.
06-06 06:35:22.109 26967 15500 E android.media.AudioRecord: Error code -20 when initializing native AudioRecord object.
06-06 06:35:22.129 625 8071 E AudioPolicyIntefaceImpl: getInputForAttr permission denied: recording not allowed for uid 10215 pid 26967
06-06 06:35:22.130 26967 15500 E IAudioFlinger: createRecord returned error -1
06-06 06:35:22.130 26967 15500 E AudioRecord: createRecord_l(0): AudioFlinger could not create record track, status: -1
06-06 06:35:22.130 26967 15500 E AudioRecord-JNI: Error creating AudioRecord instance: initialization check failed with status -1.
06-06 06:35:22.130 26967 15500 E android.media.AudioRecord: Error code -20 when initializing native AudioRecord object.
06-06 06:35:22.149 625 8071 E AudioPolicyIntefaceImpl: getInputForAttr permission denied: recording not allowed for uid 10215 pid 26967
06-06 06:35:22.150 26967 15500 E IAudioFlinger: createRecord returned error -1
06-06 06:35:22.150 26967 15500 E AudioRecord: createRecord_l(0): AudioFlinger could not create record track, status: -1
06-06 06:35:22.150 26967 15500 E AudioRecord-JNI: Error creating AudioRecord instance: initialization check failed with status -1.
06-06 06:35:22.151 26967 15500 E android.media.AudioRecord: Error code -20 when initializing native AudioRecord object.
06-06 06:35:22.163 26967 15499 E libc : Access denied finding property "persist.vendor.camera.privapp.list"
06-06 06:35:22.165 831 23543 E CameraService: Permission Denial: can't use the camera pid=26967, uid=10215
06-06 06:35:22.172 26967 15499 E _V_SensorManager: unregisterListenerImpl listener=X.WlL@ff0dc76sensor=android.sensor.gyroscope num: 1
06-06 06:35:22.174 625 8071 E AudioPolicyIntefaceImpl: getInputForAttr permission denied: recording not allowed for uid 10215 pid 26967
06-06 06:35:22.175 26967 15500 E IAudioFlinger: createRecord returned error -1
06-06 06:35:22.175 26967 15500 E AudioRecord: createRecord_l(0): AudioFlinger could not create record track, status: -1
06-06 06:35:22.176 26967 15500 E AudioRecord-JNI: Error creating AudioRecord instance: initialization check failed with status -1.
06-06 06:35:22.176 26967 15499 E _V_SensorManager: unregisterListenerImpl listener=X.WlL@ff0dc76sensor=android.sensor.gyroscope num: 1
06-06 06:35:22.178 26967 15500 E android.media.AudioRecord: Error code -20 when initializing native AudioRecord object.
06-06 06:35:22.199 625 8071 E AudioPolicyIntefaceImpl: getInputForAttr permission denied: recording not allowed for uid 10215 pid 26967
06-06 06:35:22.200 26967 15500 E IAudioFlinger: createRecord returned error -1
06-06 06:35:22.200 26967 15500 E AudioRecord: createRecord_l(0): AudioFlinger could not create record track, status: -1
06-06 06:35:22.202 26967 15500 E AudioRecord-JNI: Error creating AudioRecord instance: initialization check failed with status -1.
06-06 06:35:22.203 26967 15500 E android.media.AudioRecord: Error code -20 when initializing native AudioRecord object.
06-06 06:35:22.220 625 8071 E AudioPolicyIntefaceImpl: getInputForAttr permission denied: recording not allowed for uid 10215 pid 26967
06-06 06:35:22.220 26967 15500 E IAudioFlinger: createRecord returned error -1
06-06 06:35:22.220 26967 15500 E AudioRecord: createRecord_l(0): AudioFlinger could not create record track, status: -1
06-06 06:35:22.221 26967 15500 E AudioRecord-JNI: Error creating AudioRecord instance: initialization check failed with status -1.
06-06 06:35:22.222 26967 15500 E android.media.AudioRecord: Error code -20 when initializing native AudioRecord object.
06-06 06:35:22.240 625 8071 E AudioPolicyIntefaceImpl: getInputForAttr permission denied: recording not allowed for uid 10215 pid 26967
06-06 06:35:22.240 26967 15500 E IAudioFlinger: createRecord returned error -1
06-06 06:35:22.241 26967 15500 E AudioRecord: createRecord_l(0): AudioFlinger could not create record track, status: -1
06-06 06:35:22.242 26967 15500 E AudioRecord-JNI: Error creating AudioRecord instance: initialization check failed with status -1.
06-06 06:35:22.243 26967 15500 E android.media.AudioRecord: Error code -20 when initializing native AudioRecord object.
06-06 06:35:22.277 625 8071 E AudioPolicyIntefaceImpl: getInputForAttr permission denied: recording not allowed for uid 10215 pid 26967
06-06 06:35:22.278 26967 15500 E IAudioFlinger: createRecord returned error -1
06-06 06:35:22.278 26967 15500 E AudioRecord: createRecord_l(0): AudioFlinger could not create record track, status: -1
06-06 06:35:22.278 26967 15500 E AudioRecord-JNI: Error creating AudioRecord instance: initialization check failed with status -1.
06-06 06:35:22.279 26967 15500 E android.media.AudioRecord: Error code -20 when initializing native AudioRecord object.
06-06 06:35:22.298 625 8071 E AudioPolicyIntefaceImpl: getInputForAttr permission denied: recording not allowed for uid 10215 pid 26967
06-06 06:35:22.298 26967 15500 E IAudioFlinger: createRecord returned error -1
06-06 06:35:22.299 26967 15500 E AudioRecord: createRecord_l(0): AudioFlinger could not create record track, status: -1
06-06 06:35:22.299 26967 15500 E AudioRecord-JNI: Error creating AudioRecord instance: initialization check failed with status -1.
06-06 06:35:22.299 26967 15500 E android.media.AudioRecord: Error code -20 when initializing native AudioRecord object.
06-06 06:35:22.353 625 8071 E AudioPolicyIntefaceImpl: getInputForAttr permission denied: recording not allowed for uid 10215 pid 26967
06-06 06:35:22.353 26967 15500 E IAudioFlinger: createRecord returned error -1
06-06 06:35:22.353 26967 15500 E AudioRecord: createRecord_l(0): AudioFlinger could not create record track, status: -1
06-06 06:35:22.370 625 8071 E AudioPolicyIntefaceImpl: getInputForAttr permission denied: recording not allowed for uid 10215 pid 26967
06-06 06:35:22.388 625 8071 E AudioPolicyIntefaceImpl: getInputForAttr permission denied: recording not allowed for uid 10215 pid 26967
06-06 06:35:22.403 625 8071 E AudioPolicyIntefaceImpl: getInputForAttr permission denied: recording not allowed for uid 10215 pid 26967
06-06 06:35:22.420 625 8071 E AudioPolicyIntefaceImpl: getInputForAttr permission denied: recording not allowed for uid 10215 pid 26967
06-06 06:35:22.442 625 8071 E AudioPolicyIntefaceImpl: getInputForAttr permission denied: recording not allowed for uid 10215 pid 26967
06-06 06:35:24.156 26967 26967 E _V_SurfaceView: updateSurface: no viewRoot valid surface, mSurface isValid = false
06-06 06:35:24.157 26967 26967 E _V_SurfaceView: updateSurface: no viewRoot valid surface, mSurface isValid = false
06-06 06:35:24.195 26967 26967 E _V_SurfaceView: updateSurface: no viewRoot valid surface, mSurface isValid = false
06-06 06:35:24.206 26967 26967 I chatty : uid=10215(com.zhiliaoapp.musically) identical 1 line
06-06 06:35:24.319 26967 26967 E _V_SurfaceView: updateSurface: no viewRoot valid surface, mSurface isValid = false
06-06 06:35:28.602 26967 26967 E libprocessgroup: set_timerslack_ns write failed: Operation not permitted
06-06 06:35:28.603 26967 26967 E libprocessgroup: set_timerslack_ns write failed: Operation not permitted
06-06 06:35:28.956 26967 13428 E AudioTrack: getpackName can't get client name
06-06 06:35:33.642 26967 26980 E gcblocker: too long GC blocking
06-06 06:35:33.643 26967 26980 E gcblocker: gc block end, 90015826,5008
06-06 06:35:33.883 26967 28162 E LSNetworkProbeEngine: [NetworkProber] no probe task and sleep for 30s
06-06 06:35:54.069 26967 26967 E Instrumentation: Uninitialized ActivityThread, likely app-created Instrumentation, disabling AppComponentFactory
06-06 06:35:54.069 26967 26967 E Instrumentation: java.lang.Throwable
06-06 06:35:54.069 26967 26967 E Instrumentation: at android.app.Instrumentation.getFactory(Instrumentation.java:1312)
06-06 06:35:54.069 26967 26967 E Instrumentation: at android.app.Instrumentation.newActivity(Instrumentation.java:1303)
06-06 06:35:54.069 26967 26967 E Instrumentation: at android.app.ActivityThread.performLaunchActivity(ActivityThread.java:3738)
06-06 06:35:54.069 26967 26967 E Instrumentation: at android.app.ActivityThread.handleLaunchActivity(ActivityThread.java:3997)
06-06 06:35:54.069 26967 26967 E Instrumentation: at android.app.servertransaction.LaunchActivityItem.execute(LaunchActivityItem.java:85)
06-06 06:35:54.069 26967 26967 E Instrumentation: at android.app.servertransaction.TransactionExecutor.executeCallbacks(TransactionExecutor.java:135)
06-06 06:35:54.069 26967 26967 E Instrumentation: at android.app.servertransaction.TransactionExecutor.execute(TransactionExecutor.java:95)
06-06 06:35:54.069 26967 26967 E Instrumentation: at android.app.ActivityThread$H.handleMessage(ActivityThread.java:2380)
06-06 06:35:54.069 26967 26967 E Instrumentation: at android.os.Handler.dispatchMessage(Handler.java:106)
06-06 06:35:54.069 26967 26967 E Instrumentation: at android.os.Looper.loop(Looper.java:257)
06-06 06:35:54.069 26967 26967 E Instrumentation: at android.app.ActivityThread.main(ActivityThread.java:8335)
06-06 06:35:54.069 26967 26967 E Instrumentation: at java.lang.reflect.Method.invoke(Native Method)
06-06 06:35:54.069 26967 26967 E Instrumentation: at com.android.internal.os.RuntimeInit$MethodAndArgsCaller.run(RuntimeInit.java:626)
06-06 06:35:54.069 26967 26967 E Instrumentation: at com.android.internal.os.ZygoteInit.main(ZygoteInit.java:1032)
06-06 06:35:58.977 26967 26980 E gcblocker: too long GC blocking
06-06 06:35:58.978 26967 26980 E gcblocker: gc block end, 90041156,5013
06-06 06:36:03.893 26967 28162 E LSNetworkProbeEngine: [NetworkProber] no probe task and sleep for 30s
06-06 06:36:33.903 26967 28162 E LSNetworkProbeEngine: [NetworkProber] no probe task and sleep for 30s
06-06 06:36:40.277 26967 26980 E gcblocker: too long GC blocking
06-06 06:36:40.278 26967 26980 E gcblocker: gc block end, 90082458,5011
06-06 06:36:40.335 26967 27083 E _V_SensorManager: registerListenerImpl type:1 strType=android.sensor.accelerometer delay:200000 maxLatency:0 by: class ms.bd.o.r1 num: 1
06-06 06:36:41.349 26967 27083 E _V_SensorManager: unregisterListenerImpl listener=ms.bd.o.r1@e6320f8sensor=NULL num: 2
06-06 06:36:49.032 26967 26980 E gcblocker: too long GC blocking
06-06 06:36:49.033 26967 26980 E gcblocker: gc block end, 90091203,5020
06-06 06:36:57.192 26967 26980 E gcblocker: too long GC blocking
06-06 06:36:57.192 26967 26980 E gcblocker: gc block end, 90099366,5017
06-06 06:37:03.914 26967 28162 E LSNetworkProbeEngine: [NetworkProber] no probe task and sleep for 30s
06-06 06:37:09.537 26967 26980 E gcblocker: too long GC blocking
06-06 06:37:09.537 26967 26980 E gcblocker: gc block end, 90111716,5012
06-06 06:37:17.816 26967 26980 E gcblocker: too long GC blocking
06-06 06:37:17.817 26967 26980 E gcblocker: gc block end, 90120000,5007
06-06 06:37:28.758 26967 26980 E gcblocker: too long GC blocking
06-06 06:37:28.758 26967 26980 E gcblocker: gc block end, 90130940,5009
06-06 06:37:33.926 26967 28162 E LSNetworkProbeEngine: [NetworkProber] no probe task and sleep for 30s
06-06 06:37:34.741 26967 26967 E Instrumentation: Uninitialized ActivityThread, likely app-created Instrumentation, disabling AppComponentFactory
06-06 06:37:34.741 26967 26967 E Instrumentation: java.lang.Throwable
06-06 06:37:34.741 26967 26967 E Instrumentation: at android.app.Instrumentation.getFactory(Instrumentation.java:1312)
06-06 06:37:34.741 26967 26967 E Instrumentation: at android.app.Instrumentation.newActivity(Instrumentation.java:1303)
06-06 06:37:34.741 26967 26967 E Instrumentation: at android.app.ActivityThread.performLaunchActivity(ActivityThread.java:3738)
06-06 06:37:34.741 26967 26967 E Instrumentation: at android.app.ActivityThread.handleLaunchActivity(ActivityThread.java:3997)
06-06 06:37:34.741 26967 26967 E Instrumentation: at android.app.servertransaction.LaunchActivityItem.execute(LaunchActivityItem.java:85)
06-06 06:37:34.741 26967 26967 E Instrumentation: at android.app.servertransaction.TransactionExecutor.executeCallbacks(TransactionExecutor.java:135)
06-06 06:37:34.741 26967 26967 E Instrumentation: at android.app.servertransaction.TransactionExecutor.execute(TransactionExecutor.java:95)
06-06 06:37:34.741 26967 26967 E Instrumentation: at android.app.ActivityThread$H.handleMessage(ActivityThread.java:2380)
06-06 06:37:34.741 26967 26967 E Instrumentation: at android.os.Handler.dispatchMessage(Handler.java:106)
06-06 06:37:34.741 26967 26967 E Instrumentation: at android.os.Looper.loop(Looper.java:257)
06-06 06:37:34.741 26967 26967 E Instrumentation: at android.app.ActivityThread.main(ActivityThread.java:8335)
06-06 06:37:34.741 26967 26967 E Instrumentation: at java.lang.reflect.Method.invoke(Native Method)
06-06 06:37:34.741 26967 26967 E Instrumentation: at com.android.internal.os.RuntimeInit$MethodAndArgsCaller.run(RuntimeInit.java:626)
06-06 06:37:34.741 26967 26967 E Instrumentation: at com.android.internal.os.ZygoteInit.main(ZygoteInit.java:1032)
06-06 06:37:35.289 26967 26967 E libprocessgroup: set_timerslack_ns write failed: Operation not permitted
06-06 06:37:35.289 26967 26967 E libprocessgroup: set_timerslack_ns write failed: Operation not permitted
06-06 06:37:36.040 26967 27398 E AudioTrack: getpackName can't get client name
06-06 06:37:37.318 26967 26980 E gcblocker: too long GC blocking
06-06 06:37:37.318 26967 26980 E gcblocker: gc block end, 90139502,5007
06-06 06:38:03.937 26967 28162 E LSNetworkProbeEngine: [NetworkProber] no probe task and sleep for 30s
06-06 06:38:30.591 26967 26967 E libprocessgroup: set_timerslack_ns write failed: Operation not permitted
06-06 06:38:30.903 26967 13430 E AudioTrack: getpackName can't get client name
06-06 06:38:33.947 26967 28162 E LSNetworkProbeEngine: [NetworkProber] no probe task and sleep for 30s
06-06 06:38:35.633 26967 26980 E gcblocker: too long GC blocking
06-06 06:38:35.633 26967 26980 E gcblocker: gc block end, 90197817,5007
06-06 06:38:37.058 26967 26967 E libprocessgroup: set_timerslack_ns write failed: Operation not permitted
06-06 06:38:40.336 26967 27083 E _V_SensorManager: registerListenerImpl type:1 strType=android.sensor.accelerometer delay:200000 maxLatency:0 by: class ms.bd.o.r1 num: 1
06-06 06:38:41.348 26967 27083 E _V_SensorManager: unregisterListenerImpl listener=ms.bd.o.r1@e6320f8sensor=NULL num: 2
06-06 06:38:42.181 26967 26980 E gcblocker: too long GC blocking
06-06 06:38:42.181 26967 26980 E gcblocker: gc block end, 90204363,5009
06-06 06:39:03.958 26967 28162 E LSNetworkProbeEngine: [NetworkProber] no probe task and sleep for 30s
06-06 06:39:26.830 26967 26967 E libprocessgroup: set_timerslack_ns write failed: Operation not permitted
06-06 06:39:26.842 26967 13419 E AudioTrack: getpackName can't get client name
06-06 06:39:31.193 26967 26967 E libprocessgroup: set_timerslack_ns write failed: Operation not permitted
06-06 06:39:31.194 26967 26967 E libprocessgroup: set_timerslack_ns write failed: Operation not permitted
06-06 06:39:31.212 26967 27408 E AudioTrack: getpackName can't get client name
06-06 06:39:31.940 26967 26967 E libprocessgroup: set_timerslack_ns write failed: Operation not permitted
06-06 06:39:32.356 26967 26980 E gcblocker: too long GC blocking
06-06 06:39:32.456 26967 26980 E gcblocker: too long GC blocking
06-06 06:39:32.456 26967 26980 E gcblocker: gc block end, 90254542,5105
06-06 06:39:33.968 26967 28162 E LSNetworkProbeEngine: [NetworkProber] no probe task and sleep for 30s
06-06 06:39:47.943 602 698 I libPowerHal: [perfNotifyAppState] foreground:com.zhiliaoapp.musically, pid:26967, uid:10215
06-06 06:40:03.979 26967 28162 E LSNetworkProbeEngine: [NetworkProber] no probe task and sleep for 30s
06-06 06:40:33.989 26967 28162 E LSNetworkProbeEngine: [NetworkProber] no probe task and sleep for 30s
06-06 06:40:40.345 26967 27083 E _V_SensorManager: registerListenerImpl type:1 strType=android.sensor.accelerometer delay:200000 maxLatency:0 by: class ms.bd.o.r1 num: 1
06-06 06:40:41.359 26967 27083 E _V_SensorManager: unregisterListenerImpl listener=ms.bd.o.r1@e6320f8sensor=NULL num: 2
06-06 06:40:48.928 26967 26967 E libprocessgroup: set_timerslack_ns write failed: Operation not permitted
06-06 06:40:48.928 26967 26967 E libprocessgroup: set_timerslack_ns write failed: Operation not permitted
06-06 06:40:49.054 26967 26967 E libprocessgroup: set_timerslack_ns write failed: Operation not permitted
06-06 06:40:49.153 26967 27411 E AudioTrack: getpackName can't get client name
06-06 06:40:49.679 26967 26967 E libprocessgroup: set_timerslack_ns write failed: Operation not permitted
06-06 06:40:49.846 26967 26967 E libprocessgroup: set_timerslack_ns write failed: Operation not permitted
06-06 06:40:49.846 26967 26967 E libprocessgroup: set_timerslack_ns write failed: Operation not permitted
06-06 06:40:50.065 26967 26967 E libprocessgroup: set_timerslack_ns write failed: Operation not permitted
06-06 06:40:50.065 26967 26967 I chatty : uid=10215(com.zhiliaoapp.musically) identical 1 line
06-06 06:40:50.066 26967 26967 E libprocessgroup: set_timerslack_ns write failed: Operation not permitted
06-06 06:40:50.193 26967 26967 E libprocessgroup: set_timerslack_ns write failed: Operation not permitted
06-06 06:40:50.229 26967 27409 E AudioTrack: getpackName can't get client name
06-06 06:40:50.760 26967 26967 E libprocessgroup: set_timerslack_ns write failed: Operation not permitted
06-06 06:40:50.760 26967 26967 E libprocessgroup: set_timerslack_ns write failed: Operation not permitted
06-06 06:40:50.871 26967 26967 E libprocessgroup: set_timerslack_ns write failed: Operation not permitted
06-06 06:40:50.872 26967 26967 E libprocessgroup: set_timerslack_ns write failed: Operation not permitted
06-06 06:40:54.625 26967 26980 E gcblocker: too long GC blocking
06-06 06:40:54.625 26967 26980 E gcblocker: gc block end, 90336806,5010
06-06 06:41:04.000 26967 28162 E LSNetworkProbeEngine: [NetworkProber] no probe task and sleep for 30s
06-06 06:41:34.010 26967 28162 E LSNetworkProbeEngine: [NetworkProber] no probe task and sleep for 30s
06-06 06:41:46.228 26967 26967 E libprocessgroup: set_timerslack_ns write failed: Operation not permitted
06-06 06:41:46.229 26967 26967 E libprocessgroup: set_timerslack_ns write failed: Operation not permitted
06-06 06:41:46.377 26967 27411 E AudioTrack: getpackName can't get client name
06-06 06:41:46.433 26967 26967 E libprocessgroup: set_timerslack_ns write failed: Operation not permitted
06-06 06:41:51.488 26967 26980 E gcblocker: too long GC blocking
06-06 06:41:51.488 26967 26980 E gcblocker: gc block end, 90393672,5007
06-06 06:42:04.021 26967 28162 E LSNetworkProbeEngine: [NetworkProber] no probe task and sleep for 30s
06-06 06:42:34.032 26967 28162 E LSNetworkProbeEngine: [NetworkProber] no probe task and sleep for 30s
06-06 06:42:40.196 26967 16165 E Surface : freeAllBuffers: 9 buffers were freed while being dequeued!
06-06 06:42:41.983 26967 16220 E _V_SensorManager: unregisterListenerImpl listener=X.Dk4@cf2c66fsensor=NULL num: 1
06-06 06:43:04.049 26967 28162 E LSNetworkProbeEngine: [NetworkProber] no probe task and sleep for 30s
06-06 06:43:34.077 26967 28162 E LSNetworkProbeEngine: [NetworkProber] no probe task and sleep for 30s
06-06 06:44:04.106 26967 28162 E LSNetworkProbeEngine: [NetworkProber] no probe task and sleep for 30s
06-06 06:44:34.133 26967 28162 E LSNetworkProbeEngine: [NetworkProber] no probe task and sleep for 30s
06-06 06:45:04.161 26967 28162 E LSNetworkProbeEngine: [NetworkProber] no probe task and sleep for 30s
06-06 06:45:34.189 26967 28162 E LSNetworkProbeEngine: [NetworkProber] no probe task and sleep for 30s
06-06 06:46:04.213 26967 28162 E LSNetworkProbeEngine: [NetworkProber] no probe task and sleep for 30s
06-06 06:47:54.481 26967 28162 E LSNetworkProbeEngine: [NetworkProber] no probe task and sleep for 30s
06-06 06:48:24.509 26967 28162 E LSNetworkProbeEngine: [NetworkProber] no probe task and sleep for 30s
06-06 06:48:54.534 26967 28162 E LSNetworkProbeEngine: [NetworkProber] no probe task and sleep for 30s
06-06 06:49:24.562 26967 28162 E LSNetworkProbeEngine: [NetworkProber] no probe task and sleep for 30s
06-06 06:49:54.586 26967 28162 E LSNetworkProbeEngine: [NetworkProber] no probe task and sleep for 30s
06-06 06:50:24.627 26967 28162 E LSNetworkProbeEngine: [NetworkProber] no probe task and sleep for 30s
06-06 06:50:54.657 26967 28162 E LSNetworkProbeEngine: [NetworkProber] no probe task and sleep for 30s
06-06 06:51:24.686 26967 28162 E LSNetworkProbeEngine: [NetworkProber] no probe task and sleep for 30s
06-06 06:51:54.717 26967 28162 E LSNetworkProbeEngine: [NetworkProber] no probe task and sleep for 30s
06-06 06:52:24.740 26967 28162 E LSNetworkProbeEngine: [NetworkProber] no probe task and sleep for 30s
06-06 06:52:54.762 26967 28162 E LSNetworkProbeEngine: [NetworkProber] no probe task and sleep for 30s
06-06 06:53:24.789 26967 28162 E LSNetworkProbeEngine: [NetworkProber] no probe task and sleep for 30s
06-06 06:53:54.821 26967 28162 E LSNetworkProbeEngine: [NetworkProber] no probe task and sleep for 30s
06-06 06:54:24.848 26967 28162 E LSNetworkProbeEngine: [NetworkProber] no probe task and sleep for 30s
06-06 06:54:54.878 26967 28162 E LSNetworkProbeEngine: [NetworkProber] no probe task and sleep for 30s
06-06 06:55:24.905 26967 28162 E LSNetworkProbeEngine: [NetworkProber] no probe task and sleep for 30s
06-06 06:55:54.936 26967 28162 E LSNetworkProbeEngine: [NetworkProber] no probe task and sleep for 30s
06-06 06:56:24.958 26967 28162 E LSNetworkProbeEngine: [NetworkProber] no probe task and sleep for 30s
06-06 06:56:54.995 26967 28162 E LSNetworkProbeEngine: [NetworkProber] no probe task and sleep for 30s
06-06 06:57:25.029 26967 28162 E LSNetworkProbeEngine: [NetworkProber] no probe task and sleep for 30s
06-06 06:57:55.070 26967 28162 E LSNetworkProbeEngine: [NetworkProber] no probe task and sleep for 30s
06-06 06:58:25.105 26967 28162 E LSNetworkProbeEngine: [NetworkProber] no probe task and sleep for 30s
06-06 06:58:55.143 26967 28162 E LSNetworkProbeEngine: [NetworkProber] no probe task and sleep for 30s
06-06 06:59:25.179 26967 28162 E LSNetworkProbeEngine: [NetworkProber] no probe task and sleep for 30s
06-06 06:59:55.218 26967 28162 E LSNetworkProbeEngine: [NetworkProber] no probe task and sleep for 30s
06-06 07:00:25.252 26967 28162 E LSNetworkProbeEngine: [NetworkProber] no probe task and sleep for 30s
06-06 07:00:55.275 26967 28162 E LSNetworkProbeEngine: [NetworkProber] no probe task and sleep for 30s
06-06 07:01:25.309 26967 28162 E LSNetworkProbeEngine: [NetworkProber] no probe task and sleep for 30s
06-06 07:01:55.335 26967 28162 E LSNetworkProbeEngine: [NetworkProber] no probe task and sleep for 30s
06-06 07:02:25.362 26967 28162 E LSNetworkProbeEngine: [NetworkProber] no probe task and sleep for 30s
06-06 07:02:55.386 26967 28162 E LSNetworkProbeEngine: [NetworkProber] no probe task and sleep for 30s
06-06 07:03:25.413 26967 28162 E LSNetworkProbeEngine: [NetworkProber] no probe task and sleep for 30s
06-06 07:03:55.441 26967 28162 E LSNetworkProbeEngine: [NetworkProber] no probe task and sleep for 30s
06-06 07:04:25.469 26967 28162 E LSNetworkProbeEngine: [NetworkProber] no probe task and sleep for 30s
06-06 07:04:55.502 26967 28162 E LSNetworkProbeEngine: [NetworkProber] no probe task and sleep for 30s
06-06 07:05:25.539 26967 28162 E LSNetworkProbeEngine: [NetworkProber] no probe task and sleep for 30s
06-06 07:05:55.569 26967 28162 E LSNetworkProbeEngine: [NetworkProber] no probe task and sleep for 30s
06-06 07:06:25.597 26967 28162 E LSNetworkProbeEngine: [NetworkProber] no probe task and sleep for 30s
06-06 07:06:55.624 26967 28162 E LSNetworkProbeEngine: [NetworkProber] no probe task and sleep for 30s
06-06 07:07:25.655 26967 28162 E LSNetworkProbeEngine: [NetworkProber] no probe task and sleep for 30s
06-06 07:07:55.686 26967 28162 E LSNetworkProbeEngine: [NetworkProber] no probe task and sleep for 30s
06-06 07:08:25.705 26967 28162 E LSNetworkProbeEngine: [NetworkProber] no probe task and sleep for 30s
06-06 07:08:55.742 26967 28162 E LSNetworkProbeEngine: [NetworkProber] no probe task and sleep for 30s
06-06 07:09:25.766 26967 28162 E LSNetworkProbeEngine: [NetworkProber] no probe task and sleep for 30s
06-06 07:09:55.800 26967 28162 E LSNetworkProbeEngine: [NetworkProber] no probe task and sleep for 30s
06-06 07:10:25.827 26967 28162 I chatty : uid=10215(com.zhiliaoapp.musically) live-strategy-p identical 1 line
06-06 07:10:55.862 26967 28162 E LSNetworkProbeEngine: [NetworkProber] no probe task and sleep for 30s
06-06 07:11:25.900 26967 28162 E LSNetworkProbeEngine: [NetworkProber] no probe task and sleep for 30s
06-06 07:11:55.934 26967 28162 E LSNetworkProbeEngine: [NetworkProber] no probe task and sleep for 30s
06-06 07:12:25.965 26967 28162 E LSNetworkProbeEngine: [NetworkProber] no probe task and sleep for 30s
06-06 07:12:55.993 26967 28162 E LSNetworkProbeEngine: [NetworkProber] no probe task and sleep for 30s
06-06 07:13:26.021 26967 28162 E LSNetworkProbeEngine: [NetworkProber] no probe task and sleep for 30s
06-06 07:13:56.049 26967 28162 E LSNetworkProbeEngine: [NetworkProber] no probe task and sleep for 30s
06-06 07:14:26.085 26967 28162 E LSNetworkProbeEngine: [NetworkProber] no probe task and sleep for 30s
06-06 07:14:56.125 26967 28162 E LSNetworkProbeEngine: [NetworkProber] no probe task and sleep for 30s
06-06 07:15:26.151 26967 28162 I chatty : uid=10215(com.zhiliaoapp.musically) live-strategy-p identical 1 line
06-06 07:15:56.183 26967 28162 E LSNetworkProbeEngine: [NetworkProber] no probe task and sleep for 30s
06-06 07:16:26.212 26967 28162 E LSNetworkProbeEngine: [NetworkProber] no probe task and sleep for 30s
06-06 07:16:56.238 26967 28162 E LSNetworkProbeEngine: [NetworkProber] no probe task and sleep for 30s
06-06 07:17:26.266 26967 28162 E LSNetworkProbeEngine: [NetworkProber] no probe task and sleep for 30s
06-06 07:17:56.301 26967 28162 E LSNetworkProbeEngine: [NetworkProber] no probe task and sleep for 30s
06-06 07:18:26.336 26967 28162 E LSNetworkProbeEngine: [NetworkProber] no probe task and sleep for 30s
06-06 07:18:56.372 26967 28162 E LSNetworkProbeEngine: [NetworkProber] no probe task and sleep for 30s
06-06 07:19:26.414 26967 28162 E LSNetworkProbeEngine: [NetworkProber] no probe task and sleep for 30s
06-06 07:19:56.444 26967 28162 E LSNetworkProbeEngine: [NetworkProber] no probe task and sleep for 30s
06-06 07:20:26.473 26967 28162 E LSNetworkProbeEngine: [NetworkProber] no probe task and sleep for 30s
06-06 07:20:56.497 26967 28162 E LSNetworkProbeEngine: [NetworkProber] no probe task and sleep for 30s
06-06 07:21:26.539 26967 28162 E LSNetworkProbeEngine: [NetworkProber] no probe task and sleep for 30s
06-06 07:21:56.563 26967 28162 E LSNetworkProbeEngine: [NetworkProber] no probe task and sleep for 30s
06-06 07:22:26.585 26967 28162 E LSNetworkProbeEngine: [NetworkProber] no probe task and sleep for 30s
06-06 07:22:56.614 26967 28162 E LSNetworkProbeEngine: [NetworkProber] no probe task and sleep for 30s
06-06 07:23:26.649 26967 28162 E LSNetworkProbeEngine: [NetworkProber] no probe task and sleep for 30s
06-06 07:23:56.679 26967 28162 E LSNetworkProbeEngine: [NetworkProber] no probe task and sleep for 30s
06-06 07:24:26.707 26967 28162 E LSNetworkProbeEngine: [NetworkProber] no probe task and sleep for 30s
06-06 07:24:56.735 26967 28162 E LSNetworkProbeEngine: [NetworkProber] no probe task and sleep for 30s
06-06 07:25:26.752 26967 28162 E LSNetworkProbeEngine: [NetworkProber] no probe task and sleep for 30s
06-06 07:25:56.790 26967 28162 E LSNetworkProbeEngine: [NetworkProber] no probe task and sleep for 30s
06-06 07:26:26.819 26967 28162 E LSNetworkProbeEngine: [NetworkProber] no probe task and sleep for 30s
06-06 07:26:56.845 26967 28162 E LSNetworkProbeEngine: [NetworkProber] no probe task and sleep for 30s
