06-06 05:20:35.478 26967 28162 E LSNetworkProbeEngine: [NetworkProber] no probe task and sleep for 30s
06-06 05:45:30.681 26967 28162 E LSNetworkProbeEngine: [NetworkProber] no probe task and sleep for 30s
06-06 05:46:00.711 26967 28162 E LSNetworkProbeEngine: [NetworkProber] no probe task and sleep for 30s
06-06 05:46:30.739 26967 28162 E LSNetworkProbeEngine: [NetworkProber] no probe task and sleep for 30s
06-06 05:47:00.772 26967 28162 E LSNetworkProbeEngine: [NetworkProber] no probe task and sleep for 30s
06-06 05:47:30.802 26967 28162 E LSNetworkProbeEngine: [NetworkProber] no probe task and sleep for 30s
06-06 05:48:00.831 26967 28162 E LSNetworkProbeEngine: [NetworkProber] no probe task and sleep for 30s
06-06 05:48:30.859 26967 28162 E LSNetworkProbeEngine: [NetworkProber] no probe task and sleep for 30s
06-06 05:49:00.887 26967 28162 E LSNetworkProbeEngine: [NetworkProber] no probe task and sleep for 30s
06-06 05:49:30.922 26967 28162 E LSNetworkProbeEngine: [NetworkProber] no probe task and sleep for 30s
06-06 05:50:00.954 26967 28162 E LSNetworkProbeEngine: [NetworkProber] no probe task and sleep for 30s
06-06 05:50:30.983 26967 28162 E LSNetworkProbeEngine: [NetworkProber] no probe task and sleep for 30s
06-06 05:51:01.011 26967 28162 E LSNetworkProbeEngine: [NetworkProber] no probe task and sleep for 30s
06-06 05:51:31.040 26967 28162 E LSNetworkProbeEngine: [NetworkProber] no probe task and sleep for 30s
06-06 05:52:01.067 26967 28162 E LSNetworkProbeEngine: [NetworkProber] no probe task and sleep for 30s
06-06 05:52:31.096 26967 28162 E LSNetworkProbeEngine: [NetworkProber] no probe task and sleep for 30s
06-06 05:53:01.124 26967 28162 E LSNetworkProbeEngine: [NetworkProber] no probe task and sleep for 30s
06-06 05:53:31.151 26967 28162 E LSNetworkProbeEngine: [NetworkProber] no probe task and sleep for 30s
06-06 05:54:01.179 26967 28162 E LSNetworkProbeEngine: [NetworkProber] no probe task and sleep for 30s
06-06 05:54:31.207 26967 28162 E LSNetworkProbeEngine: [NetworkProber] no probe task and sleep for 30s
06-06 05:55:01.238 26967 28162 E LSNetworkProbeEngine: [NetworkProber] no probe task and sleep for 30s
06-06 05:55:31.259 26967 28162 E LSNetworkProbeEngine: [NetworkProber] no probe task and sleep for 30s
06-06 05:56:01.291 26967 28162 E LSNetworkProbeEngine: [NetworkProber] no probe task and sleep for 30s
06-06 05:56:31.319 26967 28162 E LSNetworkProbeEngine: [NetworkProber] no probe task and sleep for 30s
06-06 05:57:01.347 26967 28162 E LSNetworkProbeEngine: [NetworkProber] no probe task and sleep for 30s
06-06 05:57:31.375 26967 28162 E LSNetworkProbeEngine: [NetworkProber] no probe task and sleep for 30s
06-06 05:58:01.402 26967 28162 E LSNetworkProbeEngine: [NetworkProber] no probe task and sleep for 30s
06-06 05:58:31.433 26967 28162 E LSNetworkProbeEngine: [NetworkProber] no probe task and sleep for 30s
06-06 05:59:01.463 26967 28162 E LSNetworkProbeEngine: [NetworkProber] no probe task and sleep for 30s
06-06 05:59:31.498 26967 28162 E LSNetworkProbeEngine: [NetworkProber] no probe task and sleep for 30s
06-06 06:00:01.519 26967 28162 E LSNetworkProbeEngine: [NetworkProber] no probe task and sleep for 30s
06-06 06:00:31.547 26967 28162 E LSNetworkProbeEngine: [NetworkProber] no probe task and sleep for 30s
06-06 06:01:01.578 26967 28162 E LSNetworkProbeEngine: [NetworkProber] no probe task and sleep for 30s
06-06 06:01:31.607 26967 28162 E LSNetworkProbeEngine: [NetworkProber] no probe task and sleep for 30s
06-06 06:02:01.635 26967 28162 E LSNetworkProbeEngine: [NetworkProber] no probe task and sleep for 30s
06-06 06:02:31.687 26967 28162 E LSNetworkProbeEngine: [NetworkProber] no probe task and sleep for 30s
06-06 06:03:01.719 26967 28162 E LSNetworkProbeEngine: [NetworkProber] no probe task and sleep for 30s
06-06 06:03:31.748 26967 28162 E LSNetworkProbeEngine: [NetworkProber] no probe task and sleep for 30s
06-06 06:04:01.775 26967 28162 E LSNetworkProbeEngine: [NetworkProber] no probe task and sleep for 30s
06-06 06:04:31.804 26967 28162 E LSNetworkProbeEngine: [NetworkProber] no probe task and sleep for 30s
06-06 06:05:02.541 26967 28162 E LSNetworkProbeEngine: [NetworkProber] no probe task and sleep for 30s
06-06 06:05:32.570 26967 28162 E LSNetworkProbeEngine: [NetworkProber] no probe task and sleep for 30s
06-06 06:06:02.597 26967 28162 E LSNetworkProbeEngine: [NetworkProber] no probe task and sleep for 30s
06-06 06:06:32.625 26967 28162 E LSNetworkProbeEngine: [NetworkProber] no probe task and sleep for 30s
06-06 06:07:02.653 26967 28162 E LSNetworkProbeEngine: [NetworkProber] no probe task and sleep for 30s
06-06 06:07:32.687 26967 28162 E LSNetworkProbeEngine: [NetworkProber] no probe task and sleep for 30s
06-06 06:08:02.750 26967 28162 E LSNetworkProbeEngine: [NetworkProber] no probe task and sleep for 30s
06-06 06:08:03.130 602 698 I libPowerHal: [perfNotifyAppState] foreground:com.zhiliaoapp.musically, pid:26967, uid:10215
06-06 06:08:03.235 26967 9670 E _V_SensorManager: registerListenerImpl type:5 strType=android.sensor.light delay:200000 maxLatency:0 by: class X.Dk4 num: 0
06-06 06:08:08.245 26967 26967 E Instrumentation: Uninitialized ActivityThread, likely app-created Instrumentation, disabling AppComponentFactory
06-06 06:08:08.245 26967 26967 E Instrumentation: java.lang.Throwable
06-06 06:08:08.245 26967 26967 E Instrumentation: at android.app.Instrumentation.getFactory(Instrumentation.java:1312)
06-06 06:08:08.245 26967 26967 E Instrumentation: at android.app.Instrumentation.newActivity(Instrumentation.java:1303)
06-06 06:08:08.245 26967 26967 E Instrumentation: at android.app.ActivityThread.performLaunchActivity(ActivityThread.java:3738)
06-06 06:08:08.245 26967 26967 E Instrumentation: at android.app.ActivityThread.handleLaunchActivity(ActivityThread.java:3997)
06-06 06:08:08.245 26967 26967 E Instrumentation: at android.app.servertransaction.LaunchActivityItem.execute(LaunchActivityItem.java:85)
06-06 06:08:08.245 26967 26967 E Instrumentation: at android.app.servertransaction.TransactionExecutor.executeCallbacks(TransactionExecutor.java:135)
06-06 06:08:08.245 26967 26967 E Instrumentation: at android.app.servertransaction.TransactionExecutor.execute(TransactionExecutor.java:95)
06-06 06:08:08.245 26967 26967 E Instrumentation: at android.app.ActivityThread$H.handleMessage(ActivityThread.java:2380)
06-06 06:08:08.245 26967 26967 E Instrumentation: at android.os.Handler.dispatchMessage(Handler.java:106)
06-06 06:08:08.245 26967 26967 E Instrumentation: at android.os.Looper.loop(Looper.java:257)
06-06 06:08:08.245 26967 26967 E Instrumentation: at android.app.ActivityThread.main(ActivityThread.java:8335)
06-06 06:08:08.245 26967 26967 E Instrumentation: at java.lang.reflect.Method.invoke(Native Method)
06-06 06:08:08.245 26967 26967 E Instrumentation: at com.android.internal.os.RuntimeInit$MethodAndArgsCaller.run(RuntimeInit.java:626)
06-06 06:08:08.245 26967 26967 E Instrumentation: at com.android.internal.os.ZygoteInit.main(ZygoteInit.java:1032)
06-06 06:08:13.350 26967 26980 E gcblocker: too long GC blocking
06-06 06:08:13.351 26967 26980 E gcblocker: gc block end, 88375517,5025
06-06 06:08:32.424 26967 26980 E gcblocker: too long GC blocking
06-06 06:08:32.425 26967 26980 E gcblocker: gc block end, 88394609,5007
06-06 06:08:32.771 26967 28162 E LSNetworkProbeEngine: [NetworkProber] no probe task and sleep for 30s
06-06 06:08:40.331 26967 27083 E _V_SensorManager: registerListenerImpl type:1 strType=android.sensor.accelerometer delay:200000 maxLatency:0 by: class ms.bd.o.r1 num: 1
06-06 06:08:41.341 26967 27083 E _V_SensorManager: unregisterListenerImpl listener=ms.bd.o.r1@e6320f8sensor=NULL num: 2
06-06 06:08:41.966 26967 26967 E Instrumentation: Uninitialized ActivityThread, likely app-created Instrumentation, disabling AppComponentFactory
06-06 06:08:41.966 26967 26967 E Instrumentation: java.lang.Throwable
06-06 06:08:41.966 26967 26967 E Instrumentation: at android.app.Instrumentation.getFactory(Instrumentation.java:1312)
06-06 06:08:41.966 26967 26967 E Instrumentation: at android.app.Instrumentation.newActivity(Instrumentation.java:1303)
06-06 06:08:41.966 26967 26967 E Instrumentation: at android.app.ActivityThread.performLaunchActivity(ActivityThread.java:3738)
06-06 06:08:41.966 26967 26967 E Instrumentation: at android.app.ActivityThread.handleLaunchActivity(ActivityThread.java:3997)
06-06 06:08:41.966 26967 26967 E Instrumentation: at android.app.servertransaction.LaunchActivityItem.execute(LaunchActivityItem.java:85)
06-06 06:08:41.966 26967 26967 E Instrumentation: at android.app.servertransaction.TransactionExecutor.executeCallbacks(TransactionExecutor.java:135)
06-06 06:08:41.966 26967 26967 E Instrumentation: at android.app.servertransaction.TransactionExecutor.execute(TransactionExecutor.java:95)
06-06 06:08:41.966 26967 26967 E Instrumentation: at android.app.ActivityThread$H.handleMessage(ActivityThread.java:2380)
06-06 06:08:41.966 26967 26967 E Instrumentation: at android.os.Handler.dispatchMessage(Handler.java:106)
06-06 06:08:41.966 26967 26967 E Instrumentation: at android.os.Looper.loop(Looper.java:257)
06-06 06:08:41.966 26967 26967 E Instrumentation: at android.app.ActivityThread.main(ActivityThread.java:8335)
06-06 06:08:41.966 26967 26967 E Instrumentation: at java.lang.reflect.Method.invoke(Native Method)
06-06 06:08:41.966 26967 26967 E Instrumentation: at com.android.internal.os.RuntimeInit$MethodAndArgsCaller.run(RuntimeInit.java:626)
06-06 06:08:41.966 26967 26967 E Instrumentation: at com.android.internal.os.ZygoteInit.main(ZygoteInit.java:1032)
06-06 06:08:47.337 26967 26967 E Instrumentation: Uninitialized ActivityThread, likely app-created Instrumentation, disabling AppComponentFactory
06-06 06:08:47.337 26967 26967 E Instrumentation: java.lang.Throwable
06-06 06:08:47.337 26967 26967 E Instrumentation: at android.app.Instrumentation.getFactory(Instrumentation.java:1312)
06-06 06:08:47.337 26967 26967 E Instrumentation: at android.app.Instrumentation.newActivity(Instrumentation.java:1303)
06-06 06:08:47.337 26967 26967 E Instrumentation: at android.app.ActivityThread.performLaunchActivity(ActivityThread.java:3738)
06-06 06:08:47.337 26967 26967 E Instrumentation: at android.app.ActivityThread.handleLaunchActivity(ActivityThread.java:3997)
06-06 06:08:47.337 26967 26967 E Instrumentation: at android.app.servertransaction.LaunchActivityItem.execute(LaunchActivityItem.java:85)
06-06 06:08:47.337 26967 26967 E Instrumentation: at android.app.servertransaction.TransactionExecutor.executeCallbacks(TransactionExecutor.java:135)
06-06 06:08:47.337 26967 26967 E Instrumentation: at android.app.servertransaction.TransactionExecutor.execute(TransactionExecutor.java:95)
06-06 06:08:47.337 26967 26967 E Instrumentation: at android.app.ActivityThread$H.handleMessage(ActivityThread.java:2380)
06-06 06:08:47.337 26967 26967 E Instrumentation: at android.os.Handler.dispatchMessage(Handler.java:106)
06-06 06:08:47.337 26967 26967 E Instrumentation: at android.os.Looper.loop(Looper.java:257)
06-06 06:08:47.337 26967 26967 E Instrumentation: at android.app.ActivityThread.main(ActivityThread.java:8335)
06-06 06:08:47.337 26967 26967 E Instrumentation: at java.lang.reflect.Method.invoke(Native Method)
06-06 06:08:47.337 26967 26967 E Instrumentation: at com.android.internal.os.RuntimeInit$MethodAndArgsCaller.run(RuntimeInit.java:626)
06-06 06:08:47.337 26967 26967 E Instrumentation: at com.android.internal.os.ZygoteInit.main(ZygoteInit.java:1032)
06-06 06:08:47.794 26967 26980 E gcblocker: too long GC blocking
06-06 06:08:47.895 26967 26980 E gcblocker: too long GC blocking
06-06 06:08:47.965 26967 26967 E libprocessgroup: set_timerslack_ns write failed: Operation not permitted
06-06 06:08:47.995 26967 26980 E gcblocker: too long GC blocking
06-06 06:08:48.095 26967 26980 E gcblocker: too long GC blocking
06-06 06:08:48.195 26967 26980 E gcblocker: too long GC blocking
06-06 06:08:48.295 26967 26980 E gcblocker: too long GC blocking
06-06 06:08:48.396 26967 26980 E gcblocker: too long GC blocking
06-06 06:08:48.496 26967 26980 E gcblocker: too long GC blocking
06-06 06:08:48.596 26967 26980 E gcblocker: too long GC blocking
06-06 06:08:48.897 26967 26980 I chatty : uid=10215(com.zhiliaoapp.musically) HeapTaskDaemon identical 3 lines
06-06 06:08:48.997 26967 26980 E gcblocker: too long GC blocking
06-06 06:08:48.997 26967 26980 E gcblocker: gc block end, 88409978,6210
06-06 06:08:50.218 26967 27408 E AudioTrack: getpackName can't get client name
06-06 06:09:02.782 26967 28162 E LSNetworkProbeEngine: [NetworkProber] no probe task and sleep for 30s
06-06 06:09:04.779 26967 9907 E Surface : freeAllBuffers: 8 buffers were freed while being dequeued!
06-06 06:09:04.780 26967 26967 E libprocessgroup: set_timerslack_ns write failed: Operation not permitted
06-06 06:09:05.650 26967 27430 E AudioTrack: getpackName can't get client name
06-06 06:09:09.995 26967 26980 E gcblocker: too long GC blocking
06-06 06:09:09.996 26967 26980 E gcblocker: gc block end, 88432178,5008
06-06 06:09:10.222 26967 26967 E libprocessgroup: set_timerslack_ns write failed: Operation not permitted
06-06 06:09:10.223 26967 26967 E libprocessgroup: set_timerslack_ns write failed: Operation not permitted
06-06 06:09:10.552 26967 27434 E AudioTrack: getpackName can't get client name
06-06 06:09:11.094 26967 26967 E libprocessgroup: set_timerslack_ns write failed: Operation not permitted
06-06 06:09:15.067 26967 26967 E libprocessgroup: set_timerslack_ns write failed: Operation not permitted
06-06 06:09:15.095 26967 27419 E AudioTrack: getpackName can't get client name
06-06 06:09:15.387 26967 26980 E gcblocker: too long GC blocking
06-06 06:09:15.990 26967 26980 I chatty : uid=10215(com.zhiliaoapp.musically) HeapTaskDaemon identical 6 lines
06-06 06:09:16.090 26967 26980 E gcblocker: too long GC blocking
06-06 06:09:16.090 26967 26980 E gcblocker: gc block end, 88437569,5712
06-06 06:09:17.440 26967 26967 E libprocessgroup: set_timerslack_ns write failed: Operation not permitted
06-06 06:09:17.622 26967 27411 E AudioTrack: getpackName can't get client name
06-06 06:09:22.908 26967 9987 E Surface : freeAllBuffers: 8 buffers were freed while being dequeued!
06-06 06:09:23.205 26967 26980 E gcblocker: too long GC blocking
06-06 06:09:23.305 26967 26980 E gcblocker: too long GC blocking
06-06 06:09:23.406 26967 26980 E gcblocker: too long GC blocking
06-06 06:09:23.606 26967 26980 I chatty : uid=10215(com.zhiliaoapp.musically) HeapTaskDaemon identical 2 lines
06-06 06:09:23.706 26967 26980 E gcblocker: too long GC blocking
06-06 06:09:23.807 26967 26980 E gcblocker: too long GC blocking
06-06 06:09:23.907 26967 26980 E gcblocker: too long GC blocking
06-06 06:09:23.907 26967 26980 E gcblocker: gc block end, 88445390,5708
06-06 06:09:29.309 26967 26967 E Instrumentation: Uninitialized ActivityThread, likely app-created Instrumentation, disabling AppComponentFactory
06-06 06:09:29.309 26967 26967 E Instrumentation: java.lang.Throwable
06-06 06:09:29.309 26967 26967 E Instrumentation: at android.app.Instrumentation.getFactory(Instrumentation.java:1312)
06-06 06:09:29.309 26967 26967 E Instrumentation: at android.app.Instrumentation.newActivity(Instrumentation.java:1303)
06-06 06:09:29.309 26967 26967 E Instrumentation: at android.app.ActivityThread.performLaunchActivity(ActivityThread.java:3738)
06-06 06:09:29.309 26967 26967 E Instrumentation: at android.app.ActivityThread.handleLaunchActivity(ActivityThread.java:3997)
06-06 06:09:29.309 26967 26967 E Instrumentation: at android.app.servertransaction.LaunchActivityItem.execute(LaunchActivityItem.java:85)
06-06 06:09:29.309 26967 26967 E Instrumentation: at android.app.servertransaction.TransactionExecutor.executeCallbacks(TransactionExecutor.java:135)
06-06 06:09:29.309 26967 26967 E Instrumentation: at android.app.servertransaction.TransactionExecutor.execute(TransactionExecutor.java:95)
06-06 06:09:29.309 26967 26967 E Instrumentation: at android.app.ActivityThread$H.handleMessage(ActivityThread.java:2380)
06-06 06:09:29.309 26967 26967 E Instrumentation: at android.os.Handler.dispatchMessage(Handler.java:106)
06-06 06:09:29.309 26967 26967 E Instrumentation: at android.os.Looper.loop(Looper.java:257)
06-06 06:09:29.309 26967 26967 E Instrumentation: at android.app.ActivityThread.main(ActivityThread.java:8335)
06-06 06:09:29.309 26967 26967 E Instrumentation: at java.lang.reflect.Method.invoke(Native Method)
06-06 06:09:29.309 26967 26967 E Instrumentation: at com.android.internal.os.RuntimeInit$MethodAndArgsCaller.run(RuntimeInit.java:626)
06-06 06:09:29.309 26967 26967 E Instrumentation: at com.android.internal.os.ZygoteInit.main(ZygoteInit.java:1032)
06-06 06:09:32.793 26967 28162 E LSNetworkProbeEngine: [NetworkProber] no probe task and sleep for 30s
06-06 06:09:34.382 26967 26980 E gcblocker: too long GC blocking
06-06 06:09:34.382 26967 26980 E gcblocker: gc block end, 88456564,5009
06-06 06:09:35.298 26967 26967 E Instrumentation: Uninitialized ActivityThread, likely app-created Instrumentation, disabling AppComponentFactory
06-06 06:09:35.298 26967 26967 E Instrumentation: java.lang.Throwable
06-06 06:09:35.298 26967 26967 E Instrumentation: at android.app.Instrumentation.getFactory(Instrumentation.java:1312)
06-06 06:09:35.298 26967 26967 E Instrumentation: at android.app.Instrumentation.newActivity(Instrumentation.java:1303)
06-06 06:09:35.298 26967 26967 E Instrumentation: at android.app.ActivityThread.performLaunchActivity(ActivityThread.java:3738)
06-06 06:09:35.298 26967 26967 E Instrumentation: at android.app.ActivityThread.handleLaunchActivity(ActivityThread.java:3997)
06-06 06:09:35.298 26967 26967 E Instrumentation: at android.app.servertransaction.LaunchActivityItem.execute(LaunchActivityItem.java:85)
06-06 06:09:35.298 26967 26967 E Instrumentation: at android.app.servertransaction.TransactionExecutor.executeCallbacks(TransactionExecutor.java:135)
06-06 06:09:35.298 26967 26967 E Instrumentation: at android.app.servertransaction.TransactionExecutor.execute(TransactionExecutor.java:95)
06-06 06:09:35.298 26967 26967 E Instrumentation: at android.app.ActivityThread$H.handleMessage(ActivityThread.java:2380)
06-06 06:09:35.298 26967 26967 E Instrumentation: at android.os.Handler.dispatchMessage(Handler.java:106)
06-06 06:09:35.298 26967 26967 E Instrumentation: at android.os.Looper.loop(Looper.java:257)
06-06 06:09:35.298 26967 26967 E Instrumentation: at android.app.ActivityThread.main(ActivityThread.java:8335)
06-06 06:09:35.298 26967 26967 E Instrumentation: at java.lang.reflect.Method.invoke(Native Method)
06-06 06:09:35.298 26967 26967 E Instrumentation: at com.android.internal.os.RuntimeInit$MethodAndArgsCaller.run(RuntimeInit.java:626)
06-06 06:09:35.298 26967 26967 E Instrumentation: at com.android.internal.os.ZygoteInit.main(ZygoteInit.java:1032)
06-06 06:09:35.912 26967 26967 E libprocessgroup: set_timerslack_ns write failed: Operation not permitted
06-06 06:09:35.913 26967 26967 E libprocessgroup: set_timerslack_ns write failed: Operation not permitted
06-06 06:09:36.992 26967 27396 E AudioTrack: getpackName can't get client name
06-06 06:09:41.053 26967 26980 E gcblocker: too long GC blocking
06-06 06:09:41.054 26967 26980 E gcblocker: gc block end, 88463233,5012
06-06 06:09:42.304 26967 10052 E Surface : freeAllBuffers: 9 buffers were freed while being dequeued!
06-06 06:09:48.911 26967 26980 E gcblocker: too long GC blocking
06-06 06:09:49.012 26967 26980 E gcblocker: too long GC blocking
06-06 06:09:49.112 26967 26980 I chatty : uid=10215(com.zhiliaoapp.musically) HeapTaskDaemon identical 1 line
06-06 06:09:49.212 26967 26980 E gcblocker: too long GC blocking
06-06 06:09:49.212 26967 26980 E gcblocker: gc block end, 88471095,5308
06-06 06:09:55.651 26967 26967 E libprocessgroup: set_timerslack_ns write failed: Operation not permitted
06-06 06:09:55.936 26967 27412 E AudioTrack: getpackName can't get client name
06-06 06:10:01.126 26967 10004 E _V_SensorManager: unregisterListenerImpl listener=X.Dk4@cf2c66fsensor=NULL num: 1
06-06 06:10:01.373 26967 26980 E gcblocker: too long GC blocking
06-06 06:10:01.373 26967 26980 E gcblocker: gc block end, 88483464,5100
06-06 06:10:02.821 26967 28162 E LSNetworkProbeEngine: [NetworkProber] no probe task and sleep for 30s
06-06 06:10:32.849 26967 28162 E LSNetworkProbeEngine: [NetworkProber] no probe task and sleep for 30s
06-06 06:11:02.878 26967 28162 E LSNetworkProbeEngine: [NetworkProber] no probe task and sleep for 30s
06-06 06:11:32.913 26967 28162 E LSNetworkProbeEngine: [NetworkProber] no probe task and sleep for 30s
06-06 06:12:02.941 26967 28162 E LSNetworkProbeEngine: [NetworkProber] no probe task and sleep for 30s
06-06 06:12:32.971 26967 28162 E LSNetworkProbeEngine: [NetworkProber] no probe task and sleep for 30s
06-06 06:13:03.001 26967 28162 E LSNetworkProbeEngine: [NetworkProber] no probe task and sleep for 30s
06-06 06:13:33.026 26967 28162 E LSNetworkProbeEngine: [NetworkProber] no probe task and sleep for 30s
06-06 06:14:03.058 26967 28162 E LSNetworkProbeEngine: [NetworkProber] no probe task and sleep for 30s
06-06 06:14:33.089 26967 28162 E LSNetworkProbeEngine: [NetworkProber] no probe task and sleep for 30s
06-06 06:15:03.121 26967 28162 E LSNetworkProbeEngine: [NetworkProber] no probe task and sleep for 30s
06-06 06:15:33.156 26967 28162 E LSNetworkProbeEngine: [NetworkProber] no probe task and sleep for 30s
06-06 06:16:03.185 26967 28162 E LSNetworkProbeEngine: [NetworkProber] no probe task and sleep for 30s
06-06 06:16:33.210 26967 28162 E LSNetworkProbeEngine: [NetworkProber] no probe task and sleep for 30s
06-06 06:17:03.243 26967 28162 E LSNetworkProbeEngine: [NetworkProber] no probe task and sleep for 30s
06-06 06:17:33.279 26967 28162 E LSNetworkProbeEngine: [NetworkProber] no probe task and sleep for 30s
06-06 06:18:03.309 26967 28162 E LSNetworkProbeEngine: [NetworkProber] no probe task and sleep for 30s
06-06 06:18:33.337 26967 28162 E LSNetworkProbeEngine: [NetworkProber] no probe task and sleep for 30s
06-06 06:19:03.365 26967 28162 E LSNetworkProbeEngine: [NetworkProber] no probe task and sleep for 30s
06-06 06:19:33.395 26967 28162 E LSNetworkProbeEngine: [NetworkProber] no probe task and sleep for 30s
06-06 06:20:03.425 26967 28162 E LSNetworkProbeEngine: [NetworkProber] no probe task and sleep for 30s
06-06 06:20:33.453 26967 28162 E LSNetworkProbeEngine: [NetworkProber] no probe task and sleep for 30s
06-06 06:21:03.481 26967 28162 E LSNetworkProbeEngine: [NetworkProber] no probe task and sleep for 30s
06-06 06:21:33.509 26967 28162 E LSNetworkProbeEngine: [NetworkProber] no probe task and sleep for 30s
06-06 06:22:03.537 26967 28162 E LSNetworkProbeEngine: [NetworkProber] no probe task and sleep for 30s
06-06 06:22:33.565 26967 28162 E LSNetworkProbeEngine: [NetworkProber] no probe task and sleep for 30s
06-06 06:23:03.593 26967 28162 E LSNetworkProbeEngine: [NetworkProber] no probe task and sleep for 30s
06-06 06:23:33.621 26967 28162 E LSNetworkProbeEngine: [NetworkProber] no probe task and sleep for 30s
06-06 06:23:37.798 602 698 I libPowerHal: [perfNotifyAppState] foreground:com.zhiliaoapp.musically, pid:26967, uid:10215
06-06 06:23:37.870 26967 12447 E _V_SensorManager: registerListenerImpl type:5 strType=android.sensor.light delay:200000 maxLatency:0 by: class X.Dk4 num: 0
06-06 06:23:39.749 26967 26967 E libprocessgroup: set_timerslack_ns write failed: Operation not permitted
06-06 06:23:39.904 26967 27407 E AudioTrack: getpackName can't get client name
06-06 06:23:44.822 26967 26980 E gcblocker: too long GC blocking
06-06 06:23:44.822 26967 26980 E gcblocker: gc block end, 89307008,5005
06-06 06:24:03.639 26967 28162 E LSNetworkProbeEngine: [NetworkProber] no probe task and sleep for 30s
06-06 06:24:33.650 26967 28162 E LSNetworkProbeEngine: [NetworkProber] no probe task and sleep for 30s
06-06 06:24:37.220 26967 26967 E libprocessgroup: set_timerslack_ns write failed: Operation not permitted
06-06 06:24:37.220 26967 26967 E libprocessgroup: set_timerslack_ns write failed: Operation not permitted
06-06 06:24:37.242 26967 27421 E AudioTrack: getpackName can't get client name
06-06 06:24:40.329 26967 27083 E _V_SensorManager: registerListenerImpl type:1 strType=android.sensor.accelerometer delay:200000 maxLatency:0 by: class ms.bd.o.r1 num: 1
06-06 06:24:41.011 26967 26967 E libprocessgroup: set_timerslack_ns write failed: Operation not permitted
06-06 06:24:41.149 26967 27408 E AudioTrack: getpackName can't get client name
06-06 06:24:41.340 26967 27083 E _V_SensorManager: unregisterListenerImpl listener=ms.bd.o.r1@e6320f8sensor=NULL num: 2
06-06 06:24:41.664 26967 26967 E libprocessgroup: set_timerslack_ns write failed: Operation not permitted
06-06 06:24:41.726 26967 26967 E libprocessgroup: set_timerslack_ns write failed: Operation not permitted
06-06 06:24:42.108 26967 26967 E libprocessgroup: set_timerslack_ns write failed: Operation not permitted
06-06 06:24:42.109 26967 26967 E libprocessgroup: set_timerslack_ns write failed: Operation not permitted
06-06 06:24:42.120 26967 27411 E AudioTrack: getpackName can't get client name
06-06 06:24:42.606 26967 26980 E gcblocker: too long GC blocking
06-06 06:24:43.107 26967 26980 I chatty : uid=10215(com.zhiliaoapp.musically) HeapTaskDaemon identical 5 lines
06-06 06:24:43.207 26967 26980 E gcblocker: too long GC blocking
06-06 06:24:43.207 26967 26980 E gcblocker: gc block end, 89364787,5611
06-06 06:25:03.661 26967 28162 E LSNetworkProbeEngine: [NetworkProber] no probe task and sleep for 30s
06-06 06:25:33.672 26967 28162 E LSNetworkProbeEngine: [NetworkProber] no probe task and sleep for 30s
06-06 06:26:03.682 26967 28162 E LSNetworkProbeEngine: [NetworkProber] no probe task and sleep for 30s
06-06 06:26:32.622 26967 26967 E libprocessgroup: set_timerslack_ns write failed: Operation not permitted
06-06 06:26:32.872 26967 27396 E AudioTrack: getpackName can't get client name
06-06 06:26:33.141 26967 26967 E libprocessgroup: set_timerslack_ns write failed: Operation not permitted
06-06 06:26:33.693 26967 28162 E LSNetworkProbeEngine: [NetworkProber] no probe task and sleep for 30s
06-06 06:26:38.055 26967 26980 E gcblocker: too long GC blocking
06-06 06:26:38.055 26967 26980 E gcblocker: gc block end, 89480240,5006
06-06 06:26:40.335 26967 27083 E _V_SensorManager: registerListenerImpl type:1 strType=android.sensor.accelerometer delay:200000 maxLatency:0 by: class ms.bd.o.r1 num: 1
06-06 06:26:41.347 26967 27083 E _V_SensorManager: unregisterListenerImpl listener=ms.bd.o.r1@e6320f8sensor=NULL num: 2
06-06 06:26:42.373 26967 26967 E libprocessgroup: set_timerslack_ns write failed: Operation not permitted
06-06 06:26:42.398 26967 27409 E AudioTrack: getpackName can't get client name
06-06 06:26:47.723 26967 26980 E gcblocker: too long GC blocking
06-06 06:26:47.723 26967 26980 E gcblocker: gc block end, 89489906,5008
06-06 06:26:56.692 26967 26967 E libprocessgroup: set_timerslack_ns write failed: Operation not permitted
06-06 06:26:56.692 26967 26967 E libprocessgroup: set_timerslack_ns write failed: Operation not permitted
06-06 06:26:56.710 26967 12743 E Surface : freeAllBuffers: 9 buffers were freed while being dequeued!
06-06 06:26:57.432 26967 27430 E AudioTrack: getpackName can't get client name
06-06 06:27:01.984 26967 26967 E libprocessgroup: set_timerslack_ns write failed: Operation not permitted
06-06 06:27:03.703 26967 28162 E LSNetworkProbeEngine: [NetworkProber] no probe task and sleep for 30s
06-06 06:27:04.565 26967 26980 E gcblocker: too long GC blocking
06-06 06:27:04.566 26967 26980 E gcblocker: gc block end, 89506747,5009
06-06 06:27:18.040 26967 26967 E Instrumentation: Uninitialized ActivityThread, likely app-created Instrumentation, disabling AppComponentFactory
06-06 06:27:18.040 26967 26967 E Instrumentation: java.lang.Throwable
06-06 06:27:18.040 26967 26967 E Instrumentation: at android.app.Instrumentation.getFactory(Instrumentation.java:1312)
06-06 06:27:18.040 26967 26967 E Instrumentation: at android.app.Instrumentation.newActivity(Instrumentation.java:1303)
06-06 06:27:18.040 26967 26967 E Instrumentation: at android.app.ActivityThread.performLaunchActivity(ActivityThread.java:3738)
06-06 06:27:18.040 26967 26967 E Instrumentation: at android.app.ActivityThread.handleLaunchActivity(ActivityThread.java:3997)
06-06 06:27:18.040 26967 26967 E Instrumentation: at android.app.servertransaction.LaunchActivityItem.execute(LaunchActivityItem.java:85)
06-06 06:27:18.040 26967 26967 E Instrumentation: at android.app.servertransaction.TransactionExecutor.executeCallbacks(TransactionExecutor.java:135)
06-06 06:27:18.040 26967 26967 E Instrumentation: at android.app.servertransaction.TransactionExecutor.execute(TransactionExecutor.java:95)
06-06 06:27:18.040 26967 26967 E Instrumentation: at android.app.ActivityThread$H.handleMessage(ActivityThread.java:2380)
06-06 06:27:18.040 26967 26967 E Instrumentation: at android.os.Handler.dispatchMessage(Handler.java:106)
06-06 06:27:18.040 26967 26967 E Instrumentation: at android.os.Looper.loop(Looper.java:257)
06-06 06:27:18.040 26967 26967 E Instrumentation: at android.app.ActivityThread.main(ActivityThread.java:8335)
06-06 06:27:18.040 26967 26967 E Instrumentation: at java.lang.reflect.Method.invoke(Native Method)
06-06 06:27:18.040 26967 26967 E Instrumentation: at com.android.internal.os.RuntimeInit$MethodAndArgsCaller.run(RuntimeInit.java:626)
06-06 06:27:18.040 26967 26967 E Instrumentation: at com.android.internal.os.ZygoteInit.main(ZygoteInit.java:1032)
06-06 06:27:18.274 26967 26967 E Instrumentation: Uninitialized ActivityThread, likely app-created Instrumentation, disabling AppComponentFactory
06-06 06:27:18.274 26967 26967 E Instrumentation: java.lang.Throwable
06-06 06:27:18.274 26967 26967 E Instrumentation: at android.app.Instrumentation.getFactory(Instrumentation.java:1312)
06-06 06:27:18.274 26967 26967 E Instrumentation: at android.app.Instrumentation.newActivity(Instrumentation.java:1303)
06-06 06:27:18.274 26967 26967 E Instrumentation: at android.app.ActivityThread.performLaunchActivity(ActivityThread.java:3738)
06-06 06:27:18.274 26967 26967 E Instrumentation: at android.app.ActivityThread.handleLaunchActivity(ActivityThread.java:3997)
06-06 06:27:18.274 26967 26967 E Instrumentation: at android.app.servertransaction.LaunchActivityItem.execute(LaunchActivityItem.java:85)
06-06 06:27:18.274 26967 26967 E Instrumentation: at android.app.servertransaction.TransactionExecutor.executeCallbacks(TransactionExecutor.java:135)
06-06 06:27:18.274 26967 26967 E Instrumentation: at android.app.servertransaction.TransactionExecutor.execute(TransactionExecutor.java:95)
06-06 06:27:18.274 26967 26967 E Instrumentation: at android.app.ActivityThread$H.handleMessage(ActivityThread.java:2380)
06-06 06:27:18.274 26967 26967 E Instrumentation: at android.os.Handler.dispatchMessage(Handler.java:106)
06-06 06:27:18.274 26967 26967 E Instrumentation: at android.os.Looper.loop(Looper.java:257)
06-06 06:27:18.274 26967 26967 E Instrumentation: at android.app.ActivityThread.main(ActivityThread.java:8335)
06-06 06:27:18.274 26967 26967 E Instrumentation: at java.lang.reflect.Method.invoke(Native Method)
06-06 06:27:18.274 26967 26967 E Instrumentation: at com.android.internal.os.RuntimeInit$MethodAndArgsCaller.run(RuntimeInit.java:626)
06-06 06:27:18.274 26967 26967 E Instrumentation: at com.android.internal.os.ZygoteInit.main(ZygoteInit.java:1032)
06-06 06:27:18.416 26967 26967 E Instrumentation: Uninitialized ActivityThread, likely app-created Instrumentation, disabling AppComponentFactory
06-06 06:27:18.416 26967 26967 E Instrumentation: java.lang.Throwable
06-06 06:27:18.416 26967 26967 E Instrumentation: at android.app.Instrumentation.getFactory(Instrumentation.java:1312)
06-06 06:27:18.416 26967 26967 E Instrumentation: at android.app.Instrumentation.newActivity(Instrumentation.java:1303)
06-06 06:27:18.416 26967 26967 E Instrumentation: at android.app.ActivityThread.performLaunchActivity(ActivityThread.java:3738)
06-06 06:27:18.416 26967 26967 E Instrumentation: at android.app.ActivityThread.handleLaunchActivity(ActivityThread.java:3997)
06-06 06:27:18.416 26967 26967 E Instrumentation: at android.app.servertransaction.LaunchActivityItem.execute(LaunchActivityItem.java:85)
06-06 06:27:18.416 26967 26967 E Instrumentation: at android.app.servertransaction.TransactionExecutor.executeCallbacks(TransactionExecutor.java:135)
06-06 06:27:18.416 26967 26967 E Instrumentation: at android.app.servertransaction.TransactionExecutor.execute(TransactionExecutor.java:95)
06-06 06:27:18.416 26967 26967 E Instrumentation: at android.app.ActivityThread$H.handleMessage(ActivityThread.java:2380)
06-06 06:27:18.416 26967 26967 E Instrumentation: at android.os.Handler.dispatchMessage(Handler.java:106)
06-06 06:27:18.416 26967 26967 E Instrumentation: at android.os.Looper.loop(Looper.java:257)
06-06 06:27:18.416 26967 26967 E Instrumentation: at android.app.ActivityThread.main(ActivityThread.java:8335)
06-06 06:27:18.416 26967 26967 E Instrumentation: at java.lang.reflect.Method.invoke(Native Method)
06-06 06:27:18.416 26967 26967 E Instrumentation: at com.android.internal.os.RuntimeInit$MethodAndArgsCaller.run(RuntimeInit.java:626)
06-06 06:27:18.416 26967 26967 E Instrumentation: at com.android.internal.os.ZygoteInit.main(ZygoteInit.java:1032)
06-06 06:27:21.072 26967 12919 E _V_SensorManager: unregisterListenerImpl listener=X.Dk4@cf2c66fsensor=NULL num: 1
06-06 06:27:21.860 602 698 I libPowerHal: [perfNotifyAppState] foreground:com.zhiliaoapp.musically, pid:26967, uid:10215
06-06 06:27:21.906 26967 12919 E _V_SensorManager: registerListenerImpl type:5 strType=android.sensor.light delay:200000 maxLatency:0 by: class X.Dk4 num: 0
06-06 06:27:23.420 26967 26980 E gcblocker: too long GC blocking
06-06 06:27:23.420 26967 26980 E gcblocker: gc block end, 89525515,5096
06-06 06:27:25.500 26967 26967 E libprocessgroup: set_timerslack_ns write failed: Operation not permitted
06-06 06:27:25.521 26967 27411 E AudioTrack: getpackName can't get client name
06-06 06:27:28.120 26967 26967 E libprocessgroup: set_timerslack_ns write failed: Operation not permitted
06-06 06:27:28.121 26967 26967 E libprocessgroup: set_timerslack_ns write failed: Operation not permitted
06-06 06:27:28.377 26967 27409 E AudioTrack: getpackName can't get client name
06-06 06:27:28.829 26967 26967 E libprocessgroup: set_timerslack_ns write failed: Operation not permitted
06-06 06:27:30.975 26967 26980 E gcblocker: too long GC blocking
06-06 06:27:30.975 26967 26980 E gcblocker: gc block end, 89533159,5007
06-06 06:27:32.143 26967 26967 E libprocessgroup: set_timerslack_ns write failed: Operation not permitted
06-06 06:27:32.160 26967 27397 E AudioTrack: getpackName can't get client name
06-06 06:27:32.803 26967 26967 E libprocessgroup: set_timerslack_ns write failed: Operation not permitted
06-06 06:27:33.714 26967 28162 E LSNetworkProbeEngine: [NetworkProber] no probe task and sleep for 30s
06-06 06:27:37.295 26967 26980 E gcblocker: too long GC blocking
06-06 06:27:37.295 26967 26980 E gcblocker: gc block end, 89539479,5007
06-06 06:27:40.438 26967 26967 E libprocessgroup: set_timerslack_ns write failed: Operation not permitted
06-06 06:27:40.452 26967 27435 E AudioTrack: getpackName can't get client name
06-06 06:27:45.522 26967 26980 E gcblocker: too long GC blocking
06-06 06:27:45.522 26967 26980 E gcblocker: gc block end, 89547703,5010
06-06 06:27:56.695 26967 26967 E libprocessgroup: set_timerslack_ns write failed: Operation not permitted
06-06 06:27:56.696 26967 26967 E libprocessgroup: set_timerslack_ns write failed: Operation not permitted
06-06 06:27:56.981 26967 27396 E AudioTrack: getpackName can't get client name
06-06 06:28:01.767 26967 26980 E gcblocker: too long GC blocking
06-06 06:28:01.768 26967 26980 E gcblocker: gc block end, 89563947,5012
06-06 06:28:03.725 26967 28162 E LSNetworkProbeEngine: [NetworkProber] no probe task and sleep for 30s
06-06 06:28:10.907 26967 13310 E Surface : freeAllBuffers: 14 buffers were freed while being dequeued!
06-06 06:28:11.818 26967 27397 E AudioTrack: getpackName can't get client name
06-06 06:28:15.893 26967 26980 E gcblocker: too long GC blocking
06-06 06:28:15.893 26967 26980 E gcblocker: gc block end, 89578074,5010
06-06 06:28:18.815 26967 26967 E libprocessgroup: set_timerslack_ns write failed: Operation not permitted
06-06 06:28:18.962 26967 27411 E AudioTrack: getpackName can't get client name
06-06 06:28:24.325 26967 26980 E gcblocker: too long GC blocking
06-06 06:28:24.325 26967 26980 E gcblocker: gc block end, 89586508,5008
06-06 06:28:33.735 26967 28162 E LSNetworkProbeEngine: [NetworkProber] no probe task and sleep for 30s
06-06 06:28:35.699 26967 26980 E gcblocker: too long GC blocking
06-06 06:28:35.699 26967 26980 E gcblocker: gc block end, 89597883,5007
06-06 06:28:40.336 26967 27083 E _V_SensorManager: registerListenerImpl type:1 strType=android.sensor.accelerometer delay:200000 maxLatency:0 by: class ms.bd.o.r1 num: 1
06-06 06:28:40.729 26967 26967 E libprocessgroup: set_timerslack_ns write failed: Operation not permitted
06-06 06:28:40.962 26967 27408 E AudioTrack: getpackName can't get client name
06-06 06:28:41.350 26967 27083 E _V_SensorManager: unregisterListenerImpl listener=ms.bd.o.r1@e6320f8sensor=NULL num: 2
06-06 06:28:46.081 26967 26980 E gcblocker: too long GC blocking
06-06 06:28:46.082 26967 26980 E gcblocker: gc block end, 89608264,5008
06-06 06:28:53.855 26967 26967 E libprocessgroup: set_timerslack_ns write failed: Operation not permitted
06-06 06:28:53.855 26967 26967 E libprocessgroup: set_timerslack_ns write failed: Operation not permitted
06-06 06:28:53.876 26967 13433 E AudioTrack: getpackName can't get client name
06-06 06:28:58.873 26967 26980 E gcblocker: too long GC blocking
06-06 06:28:58.873 26967 26980 E gcblocker: gc block end, 89621058,5006
06-06 06:29:03.746 26967 28162 E LSNetworkProbeEngine: [NetworkProber] no probe task and sleep for 30s
06-06 06:29:33.756 26967 28162 E LSNetworkProbeEngine: [NetworkProber] no probe task and sleep for 30s
06-06 06:29:40.309 26967 26967 E libprocessgroup: set_timerslack_ns write failed: Operation not permitted
06-06 06:29:40.579 26967 27419 E AudioTrack: getpackName can't get client name
06-06 06:29:41.056 26967 26967 E libprocessgroup: set_timerslack_ns write failed: Operation not permitted
06-06 06:29:45.403 26967 26980 E gcblocker: too long GC blocking
06-06 06:29:45.403 26967 26980 E gcblocker: gc block end, 89667589,5005
06-06 06:29:57.038 26967 26967 E libprocessgroup: set_timerslack_ns write failed: Operation not permitted
06-06 06:29:57.059 26967 27409 E AudioTrack: getpackName can't get client name
06-06 06:30:02.888 26967 26980 E gcblocker: too long GC blocking
06-06 06:30:02.888 26967 26980 E gcblocker: gc block end, 89685073,5006
06-06 06:30:02.949 26967 26967 E libprocessgroup: set_timerslack_ns write failed: Operation not permitted
06-06 06:30:02.950 26967 26967 E libprocessgroup: set_timerslack_ns write failed: Operation not permitted
06-06 06:30:03.227 26967 27412 E AudioTrack: getpackName can't get client name
06-06 06:30:03.635 26967 26967 E libprocessgroup: set_timerslack_ns write failed: Operation not permitted
06-06 06:30:03.767 26967 28162 E LSNetworkProbeEngine: [NetworkProber] no probe task and sleep for 30s
06-06 06:30:08.400 26967 26980 E gcblocker: too long GC blocking
06-06 06:30:08.400 26967 26980 E gcblocker: gc block end, 89690587,5004
06-06 06:30:11.584 26967 26967 E libprocessgroup: set_timerslack_ns write failed: Operation not permitted
06-06 06:30:11.603 26967 13419 E AudioTrack: getpackName can't get client name
06-06 06:30:12.305 26967 26967 E libprocessgroup: set_timerslack_ns write failed: Operation not permitted
06-06 06:30:17.259 26967 26980 E gcblocker: too long GC blocking
06-06 06:30:17.259 26967 26980 E gcblocker: gc block end, 89699443,5007
06-06 06:30:25.356 26967 26967 E libprocessgroup: set_timerslack_ns write failed: Operation not permitted
06-06 06:30:25.371 26967 27411 E AudioTrack: getpackName can't get client name
06-06 06:30:31.598 26967 26980 E gcblocker: too long GC blocking
06-06 06:30:31.598 26967 26980 E gcblocker: gc block end, 89713781,5008
06-06 06:30:33.778 26967 28162 E LSNetworkProbeEngine: [NetworkProber] no probe task and sleep for 30s
06-06 06:30:39.330 26967 26967 E libprocessgroup: set_timerslack_ns write failed: Operation not permitted
06-06 06:30:39.331 26967 26967 E libprocessgroup: set_timerslack_ns write failed: Operation not permitted
06-06 06:30:39.581 26967 27398 E AudioTrack: getpackName can't get client name
06-06 06:30:40.336 26967 27083 E _V_SensorManager: registerListenerImpl type:1 strType=android.sensor.accelerometer delay:200000 maxLatency:0 by: class ms.bd.o.r1 num: 1
06-06 06:30:41.348 26967 27083 E _V_SensorManager: unregisterListenerImpl listener=ms.bd.o.r1@e6320f8sensor=NULL num: 2
06-06 06:30:43.110 26967 26967 E libprocessgroup: set_timerslack_ns write failed: Operation not permitted
06-06 06:30:43.349 26967 27396 E AudioTrack: getpackName can't get client name
06-06 06:30:45.030 26967 26980 E gcblocker: too long GC blocking
06-06 06:30:45.030 26967 26980 E gcblocker: gc block end, 89727213,5008
06-06 06:31:00.368 26967 26967 E libprocessgroup: set_timerslack_ns write failed: Operation not permitted
06-06 06:31:00.672 26967 27412 E AudioTrack: getpackName can't get client name
06-06 06:31:02.947 26967 26967 E libprocessgroup: set_timerslack_ns write failed: Operation not permitted
06-06 06:31:02.948 26967 26967 E libprocessgroup: set_timerslack_ns write failed: Operation not permitted
06-06 06:31:02.961 26967 13428 E AudioTrack: getpackName can't get client name
06-06 06:31:03.788 26967 28162 E LSNetworkProbeEngine: [NetworkProber] no probe task and sleep for 30s
06-06 06:31:06.084 26967 26980 E gcblocker: too long GC blocking
06-06 06:31:06.084 26967 26980 E gcblocker: gc block end, 89748269,5006
06-06 06:31:26.175 26967 13428 E ttmn : <7a640cfc00,audio_outlet.cpp,process,667>silence audio : 743
06-06 06:31:26.504 26967 26967 E libprocessgroup: set_timerslack_ns write failed: Operation not permitted
06-06 06:31:26.754 26967 13431 E AudioTrack: getpackName can't get client name
06-06 06:31:27.268 26967 26967 E libprocessgroup: set_timerslack_ns write failed: Operation not permitted
06-06 06:31:32.289 26967 26980 E gcblocker: too long GC blocking
06-06 06:31:32.289 26967 26980 E gcblocker: gc block end, 89774474,5006
06-06 06:31:32.880 26967 26967 E libprocessgroup: set_timerslack_ns write failed: Operation not permitted
06-06 06:31:32.896 26967 27408 E AudioTrack: getpackName can't get client name
06-06 06:31:33.798 26967 28162 E LSNetworkProbeEngine: [NetworkProber] no probe task and sleep for 30s
06-06 06:31:36.220 26967 26967 E libprocessgroup: set_timerslack_ns write failed: Operation not permitted
06-06 06:31:36.220 26967 26967 E libprocessgroup: set_timerslack_ns write failed: Operation not permitted
06-06 06:31:36.376 26967 27411 E AudioTrack: getpackName can't get client name
06-06 06:31:38.032 26967 26967 E libprocessgroup: set_timerslack_ns write failed: Operation not permitted
06-06 06:31:38.290 26967 27396 E AudioTrack: getpackName can't get client name
06-06 06:31:38.754 26967 26967 E libprocessgroup: set_timerslack_ns write failed: Operation not permitted
06-06 06:31:38.874 26967 26980 E gcblocker: too long GC blocking
06-06 06:31:39.175 26967 26980 I chatty : uid=10215(com.zhiliaoapp.musically) HeapTaskDaemon identical 3 lines
06-06 06:31:39.275 26967 26980 E gcblocker: too long GC blocking
06-06 06:31:39.276 26967 26980 E gcblocker: gc block end, 89781057,5410
06-06 06:31:40.080 26967 26967 E libprocessgroup: set_timerslack_ns write failed: Operation not permitted
06-06 06:31:40.092 26967 13433 E AudioTrack: getpackName can't get client name
06-06 06:31:45.156 26967 26980 E gcblocker: too long GC blocking
06-06 06:31:45.156 26967 26980 E gcblocker: gc block end, 89787340,5007
06-06 06:31:54.261 26967 26967 E libprocessgroup: set_timerslack_ns write failed: Operation not permitted
06-06 06:31:54.261 26967 26967 E libprocessgroup: set_timerslack_ns write failed: Operation not permitted
06-06 06:31:54.279 26967 27433 E AudioTrack: getpackName can't get client name
06-06 06:31:54.985 26967 26967 E libprocessgroup: set_timerslack_ns write failed: Operation not permitted
06-06 06:31:59.996 26967 26980 E gcblocker: too long GC blocking
06-06 06:31:59.997 26967 26980 E gcblocker: gc block end, 89802180,5007
06-06 06:32:03.809 26967 28162 E LSNetworkProbeEngine: [NetworkProber] no probe task and sleep for 30s
06-06 06:32:10.369 26967 26967 E libprocessgroup: set_timerslack_ns write failed: Operation not permitted
06-06 06:32:10.393 26967 13430 E AudioTrack: getpackName can't get client name
06-06 06:32:15.886 26967 26980 E gcblocker: too long GC blocking
06-06 06:32:15.886 26967 26980 E gcblocker: gc block end, 89818070,5007
06-06 06:32:25.660 26967 26967 E libprocessgroup: set_timerslack_ns write failed: Operation not permitted
06-06 06:32:25.835 26967 27419 E AudioTrack: getpackName can't get client name
06-06 06:32:31.193 26967 26980 E gcblocker: too long GC blocking
06-06 06:32:31.193 26967 26980 E gcblocker: gc block end, 89833374,5010
06-06 06:32:33.819 26967 28162 E LSNetworkProbeEngine: [NetworkProber] no probe task and sleep for 30s
06-06 06:32:40.257 26967 26967 E libprocessgroup: set_timerslack_ns write failed: Operation not permitted
06-06 06:32:40.257 26967 26967 E libprocessgroup: set_timerslack_ns write failed: Operation not permitted
06-06 06:32:40.278 26967 27412 E AudioTrack: getpackName can't get client name
06-06 06:32:40.335 26967 27083 E _V_SensorManager: registerListenerImpl type:1 strType=android.sensor.accelerometer delay:200000 maxLatency:0 by: class ms.bd.o.r1 num: 1
06-06 06:32:41.359 26967 27083 E _V_SensorManager: unregisterListenerImpl listener=ms.bd.o.r1@e6320f8sensor=NULL num: 2
06-06 06:32:45.860 26967 26980 E gcblocker: too long GC blocking
06-06 06:32:45.861 26967 26980 E gcblocker: gc block end, 89848042,5009
06-06 06:32:52.946 26967 26967 E libprocessgroup: set_timerslack_ns write failed: Operation not permitted
06-06 06:32:53.154 26967 27408 E AudioTrack: getpackName can't get client name
06-06 06:32:58.674 26967 26980 E gcblocker: too long GC blocking
06-06 06:32:58.674 26967 26980 E gcblocker: gc block end, 89860855,5010
06-06 06:33:02.391 26967 27408 E ttmn : <7ab9845600,audio_outlet.cpp,process,667>silence audio : 9264
06-06 06:33:03.830 26967 28162 E LSNetworkProbeEngine: [NetworkProber] no probe task and sleep for 30s
06-06 06:33:04.604 26967 26967 E libprocessgroup: set_timerslack_ns write failed: Operation not permitted
06-06 06:33:04.879 26967 27396 E AudioTrack: getpackName can't get client name
06-06 06:33:09.964 26967 26980 E gcblocker: too long GC blocking
06-06 06:33:09.965 26967 26980 E gcblocker: gc block end, 89872147,5008
06-06 06:33:16.737 26967 26967 E libprocessgroup: set_timerslack_ns write failed: Operation not permitted
06-06 06:33:16.738 26967 26967 E libprocessgroup: set_timerslack_ns write failed: Operation not permitted
06-06 06:33:16.759 26967 13428 E AudioTrack: getpackName can't get client name
06-06 06:33:21.770 26967 26980 E gcblocker: too long GC blocking
06-06 06:33:21.770 26967 26980 E gcblocker: gc block end, 89883953,5008
06-06 06:33:33.841 26967 28162 E LSNetworkProbeEngine: [NetworkProber] no probe task and sleep for 30s
06-06 06:33:47.817 26967 26967 E libprocessgroup: set_timerslack_ns write failed: Operation not permitted
06-06 06:33:48.088 26967 13431 E AudioTrack: getpackName can't get client name
06-06 06:33:48.213 26967 26967 E libprocessgroup: set_timerslack_ns write failed: Operation not permitted
06-06 06:33:53.287 26967 26980 E gcblocker: too long GC blocking
06-06 06:33:53.288 26967 26980 E gcblocker: gc block end, 89915467,5012
06-06 06:33:55.469 26967 26967 E libprocessgroup: set_timerslack_ns write failed: Operation not permitted
06-06 06:33:55.491 26967 27435 E AudioTrack: getpackName can't get client name
06-06 06:34:01.322 26967 26980 E gcblocker: too long GC blocking
06-06 06:34:01.322 26967 26980 E gcblocker: gc block end, 89923505,5008
06-06 06:34:03.851 26967 28162 E LSNetworkProbeEngine: [NetworkProber] no probe task and sleep for 30s
06-06 06:34:11.563 26967 26967 E libprocessgroup: set_timerslack_ns write failed: Operation not permitted
06-06 06:34:11.564 26967 26967 E libprocessgroup: set_timerslack_ns write failed: Operation not permitted
06-06 06:34:11.826 26967 27433 E AudioTrack: getpackName can't get client name
06-06 06:34:12.032 26967 26967 E libprocessgroup: set_timerslack_ns write failed: Operation not permitted
06-06 06:34:16.903 26967 26980 E gcblocker: too long GC blocking
06-06 06:34:16.904 26967 26980 E gcblocker: gc block end, 89939089,5006
06-06 06:34:22.139 26967 26967 E libprocessgroup: set_timerslack_ns write failed: Operation not permitted
06-06 06:34:22.165 26967 13430 E AudioTrack: getpackName can't get client name
06-06 06:34:25.457 26967 26967 E libprocessgroup: set_timerslack_ns write failed: Operation not permitted
06-06 06:34:25.660 26967 27410 E AudioTrack: getpackName can't get client name
06-06 06:34:27.437 26967 26980 E gcblocker: too long GC blocking
06-06 06:34:27.437 26967 26980 E gcblocker: gc block end, 89949622,5006
06-06 06:34:33.862 26967 28162 E LSNetworkProbeEngine: [NetworkProber] no probe task and sleep for 30s
06-06 06:34:39.384 26967 26967 E libprocessgroup: set_timerslack_ns write failed: Operation not permitted
06-06 06:34:39.384 26967 26967 E libprocessgroup: set_timerslack_ns write failed: Operation not permitted
06-06 06:34:39.405 26967 27412 E AudioTrack: getpackName can't get client name
