06-06 01:10:39.402 26967 27152 E ActivityThread: Failed to find provider info for com.vivo.awarecontext.awareeventprovider
06-06 01:10:41.004 26967 27238 E _V_SensorManager: registerListenerImpl type:5 strType=android.sensor.light delay:200000 maxLatency:0 by: class X.Dk4 num: 0
06-06 01:10:41.264 26967 27083 E _V_SensorManager: registerListenerImpl type:1 strType=android.sensor.accelerometer delay:200000 maxLatency:0 by: class ms.bd.o.r1 num: 1
06-06 01:10:42.040 26967 26995 E SQLiteDatabase: Error inserting open_time=1685998800000
06-06 01:10:42.040 26967 26995 E SQLiteDatabase: android.database.sqlite.SQLiteConstraintException: UNIQUE constraint failed: app_open.open_time (code 2067 SQLITE_CONSTRAINT_UNIQUE)
06-06 01:10:42.040 26967 26995 E SQLiteDatabase: at android.database.sqlite.SQLiteConnection.nativeExecuteForLastInsertedRowId(Native Method)
06-06 01:10:42.040 26967 26995 E SQLiteDatabase: at android.database.sqlite.SQLiteConnection.executeForLastInsertedRowId(SQLiteConnection.java:983)
06-06 01:10:42.040 26967 26995 E SQLiteDatabase: at android.database.sqlite.SQLiteSession.executeForLastInsertedRowId(SQLiteSession.java:790)
06-06 01:10:42.040 26967 26995 E SQLiteDatabase: at android.database.sqlite.SQLiteStatement.executeInsert(SQLiteStatement.java:88)
06-06 01:10:42.040 26967 26995 E SQLiteDatabase: at android.database.sqlite.SQLiteDatabase.insertWithOnConflict(SQLiteDatabase.java:1701)
06-06 01:10:42.040 26967 26995 E SQLiteDatabase: at android.database.sqlite.SQLiteDatabase.insert(SQLiteDatabase.java:1570)
06-06 01:10:42.040 26967 26995 E SQLiteDatabase: at X.P1X.invoke$568(SourceFile:16777691)
06-06 01:10:42.040 26967 26995 E SQLiteDatabase: at X.P1X.invoke(Unknown Source:3390)
06-06 01:10:42.040 26967 26995 E SQLiteDatabase: at Y.ARunnableS39S0100000_6.run$154(SourceFile:16777240)
06-06 01:10:42.040 26967 26995 E SQLiteDatabase: at Y.ARunnableS39S0100000_6.run(Unknown Source:279)
06-06 01:10:42.040 26967 26995 E SQLiteDatabase: at com.ss.android.ugc.aweme.lego.RunnableIdleTask.run(SourceFile:16777218)
06-06 01:10:42.040 26967 26995 E SQLiteDatabase: at X.CvV.LIZIZ(SourceFile:16777301)
06-06 01:10:42.040 26967 26995 E SQLiteDatabase: at Y.ARunnableS21S0200000_6.run$57(SourceFile:16777225)
06-06 01:10:42.040 26967 26995 E SQLiteDatabase: at Y.ARunnableS21S0200000_6.run(Unknown Source:102)
06-06 01:10:42.040 26967 26995 E SQLiteDatabase: at X.D6S.run(SourceFile:258)
06-06 01:10:42.040 26967 26995 E SQLiteDatabase: at java.util.concurrent.ThreadPoolExecutor.runWorker(ThreadPoolExecutor.java:1167)
06-06 01:10:42.040 26967 26995 E SQLiteDatabase: at java.util.concurrent.ThreadPoolExecutor$Worker.run(ThreadPoolExecutor.java:641)
06-06 01:10:42.040 26967 26995 E SQLiteDatabase: at Y.ARunnableS21S0200000_6.run$43(SourceFile:16777229)
06-06 01:10:42.040 26967 26995 E SQLiteDatabase: at Y.ARunnableS21S0200000_6.run(Unknown Source:164)
06-06 01:10:42.040 26967 26995 E SQLiteDatabase: at java.lang.Thread.run(Thread.java:923)
06-06 01:10:42.278 26967 27083 E _V_SensorManager: unregisterListenerImpl listener=ms.bd.o.r1@e6320f8sensor=NULL num: 2
06-06 01:10:42.799 26967 27083 E _V_SensorManager: registerListenerImpl type:10 strType=android.sensor.linear_acceleration delay:200000 maxLatency:0 by: class ms.bd.o.q1 num: 1
06-06 01:10:42.816 26967 27083 E _V_SensorManager: registerListenerImpl type:9 strType=android.sensor.gravity delay:200000 maxLatency:0 by: class ms.bd.o.q1 num: 2
06-06 01:10:42.824 26967 27083 E _V_SensorManager: registerListenerImpl type:4 strType=android.sensor.gyroscope delay:200000 maxLatency:0 by: class ms.bd.o.q1 num: 2
06-06 01:10:42.833 26967 27083 E _V_SensorManager: registerListenerImpl type:11 strType=android.sensor.rotation_vector delay:200000 maxLatency:0 by: class ms.bd.o.q1 num: 2
06-06 01:10:43.439 26967 27038 E Bench-TAG: ====== JNI_OnLoad ======
06-06 01:10:44.276 26967 26980 E gcblocker: too long GC blocking
06-06 01:10:44.277 26967 26980 E gcblocker: gc block end, 85431257,5010
06-06 01:10:45.351 26967 27332 E aoapp.musicall: No implementation found for void com.lynx.tasm.LynxEnv.nativeSetEnv(java.lang.String, boolean) (tried Java_com_lynx_tasm_LynxEnv_nativeSetEnv and Java_com_lynx_tasm_LynxEnv_nativeSetEnv__Ljava_lang_String_2Z)
06-06 01:10:45.355 26967 27332 E aoapp.musicall: No implementation found for void com.lynx.tasm.LynxEnv.nativeSetEnv(java.lang.String, boolean) (tried Java_com_lynx_tasm_LynxEnv_nativeSetEnv and Java_com_lynx_tasm_LynxEnv_nativeSetEnv__Ljava_lang_String_2Z)
06-06 01:10:45.732 26967 27167 E Forest_GeckoFetcher: download failed with waitGeckoUpdate=false ,channel = fe_tiktok_lynx_search_transfer,bundle = template.js
06-06 01:10:45.732 26967 27167 E Forest_GeckoFetcher: java.lang.Throwable: invalid channel
06-06 01:10:45.732 26967 27167 E Forest_GeckoFetcher: at X.KOw.LIZ(SourceFile:33554560)
06-06 01:10:45.732 26967 27167 E Forest_GeckoFetcher: at X.JZF.run(SourceFile:332)
06-06 01:10:45.732 26967 27167 E Forest_GeckoFetcher: at X.Cys.run(SourceFile:2)
06-06 01:10:45.732 26967 27167 E Forest_GeckoFetcher: at java.util.concurrent.ThreadPoolExecutor.runWorker(ThreadPoolExecutor.java:1167)
06-06 01:10:45.732 26967 27167 E Forest_GeckoFetcher: at java.util.concurrent.ThreadPoolExecutor$Worker.run(ThreadPoolExecutor.java:641)
06-06 01:10:45.732 26967 27167 E Forest_GeckoFetcher: at Y.ARunnableS21S0200000_6.run$76(SourceFile:16777229)
06-06 01:10:45.732 26967 27167 E Forest_GeckoFetcher: at Y.ARunnableS21S0200000_6.run(Unknown Source:26)
06-06 01:10:45.732 26967 27167 E Forest_GeckoFetcher: at java.lang.Thread.run(Thread.java:923)
06-06 01:10:49.167 26967 27210 E Surface : freeAllBuffers: 9 buffers were freed while being dequeued!
06-06 01:10:49.281 26967 27016 E libc : Access denied finding property "ro.hardware.chipname"
06-06 01:10:49.328 26967 27412 E AudioTrack: getpackName can't get client name
06-06 01:10:49.967 26967 26967 E libprocessgroup: set_timerslack_ns write failed: Operation not permitted
06-06 01:10:51.763 26967 27453 E SQLiteLog: (1) no such table: Feature in "SELECT DISTINCT packageName FROM Feature"
06-06 01:10:53.618 27457 27504 E NPTH-TERM: do_attach_request:send attach sig to tracerpid=26967 tracertid=27024
06-06 01:10:53.618 27457 27504 E NPTH-TERM: do_attach_request:success handled, now my tracerpid=26967 tracertid=27024
06-06 01:10:53.618 27457 27504 E NPTH-TERM: notify attach 26967
06-06 01:10:53.618 26967 27024 E NPTH-TERM: wait_inner:first process waked up by attach request
06-06 01:10:53.618 26967 27024 E NPTH-TERM: wait_inner:start handle pending attach sig
06-06 01:10:53.618 26967 27024 E NPTH-TERM: do_attach:TMonitor start check lockFd
06-06 01:10:53.618 26967 27024 E NPTH-TERM: do_attach:TMonitor success check lockFd
06-06 01:10:53.618 26967 27024 E NPTH-TERM: do_attach_request:do check_pending_attach_request
06-06 01:10:53.618 26967 27024 E NPTH-TERM: -----------------------------------------------------------
06-06 01:10:53.618 26967 27024 E NPTH-TERM: do_attach_request:startup new tracee thread, old=-1
06-06 01:10:53.619 26967 27507 E NPTH-TERM: npth-tracee:thread_loop start...
06-06 01:10:53.620 26967 27507 E NPTH-TERM: npth-tracee:thread_loop got flock success, lockfile path=/data/user/0/com.zhiliaoapp.musically/files/npth/killHistory/proc/26967/27507_lock...
06-06 01:10:53.620 26967 27507 E NPTH-TERM: npth-tracee:thread_loop start wait mutexlock...
06-06 01:10:53.620 26967 27024 E NPTH-TERM: do_attach_request:send attach sig to tracerpid=27457 tracertid=27504
06-06 01:10:53.620 26967 27024 E NPTH-TERM: do_attach_request:success handled, now my tracerpid=27457 tracertid=27504
06-06 01:10:53.670 26967 27024 E NPTH-TERM: do_attach:TMonitor start flock, traceepid=27457 traceetid=27506
06-06 01:10:53.670 27457 27504 E NPTH-TERM: do_attach:TMonitor start flock, traceepid=26967 traceetid=27507
06-06 01:10:54.575 26967 26980 E gcblocker: too long GC blocking
06-06 01:10:54.575 26967 26980 E gcblocker: gc block end, 85441560,5006
06-06 01:10:58.080 26967 27299 E HeapGCOptimizer#native: s_heap_offset392, region_space_offset:808
06-06 01:10:58.084 26967 27299 E HeapGCOptimizer#native: resize method is NULL
06-06 01:11:03.485 26967 26967 E libprocessgroup: set_timerslack_ns write failed: Operation not permitted
06-06 01:11:03.486 26967 26967 E libprocessgroup: set_timerslack_ns write failed: Operation not permitted
06-06 01:11:03.507 26967 27435 E AudioTrack: getpackName can't get client name
06-06 01:11:04.094 26967 26967 E libprocessgroup: set_timerslack_ns write failed: Operation not permitted
06-06 01:11:08.625 26967 26980 E gcblocker: too long GC blocking
06-06 01:11:08.625 26967 26980 E gcblocker: gc block end, 85455611,5005
06-06 01:11:11.976 26967 27090 E Bench-TAG: ====== JNI_OnLoad ======
06-06 01:11:32.323 26967 26967 E libprocessgroup: set_timerslack_ns write failed: Operation not permitted
06-06 01:11:32.341 26967 27397 E AudioTrack: getpackName can't get client name
06-06 01:11:33.943 26967 27733 E ion : ioctl c0044901 failed with code -1: Invalid argument
06-06 01:11:37.363 26967 26980 E gcblocker: too long GC blocking
06-06 01:11:37.363 26967 26980 E gcblocker: gc block end, 85484348,5006
06-06 01:12:16.106 26967 26967 E libprocessgroup: set_timerslack_ns write failed: Operation not permitted
06-06 01:12:16.107 26967 26967 E libprocessgroup: set_timerslack_ns write failed: Operation not permitted
06-06 01:12:16.125 26967 27420 E AudioTrack: getpackName can't get client name
06-06 01:12:19.016 26967 27026 E libc : Access denied finding property "ro.hardware.chipname"
06-06 01:12:21.569 26967 26980 E gcblocker: too long GC blocking
06-06 01:12:21.569 26967 26980 E gcblocker: gc block end, 85528555,5005
06-06 01:12:21.805 26967 26967 E libprocessgroup: set_timerslack_ns write failed: Operation not permitted
06-06 01:12:22.039 26967 27421 E AudioTrack: getpackName can't get client name
06-06 01:12:27.403 26967 26980 E gcblocker: too long GC blocking
06-06 01:12:27.403 26967 26980 E gcblocker: gc block end, 85534388,5006
06-06 01:12:29.663 26967 26967 E libprocessgroup: set_timerslack_ns write failed: Operation not permitted
06-06 01:12:29.664 26967 26967 E libprocessgroup: set_timerslack_ns write failed: Operation not permitted
06-06 01:12:29.917 26967 27432 E AudioTrack: getpackName can't get client name
06-06 01:12:30.224 26967 26967 E libprocessgroup: set_timerslack_ns write failed: Operation not permitted
06-06 01:12:33.394 26967 26980 E gcblocker: too long GC blocking
06-06 01:12:33.394 26967 26980 E gcblocker: gc block end, 85540380,5005
06-06 01:12:40.329 26967 27083 E _V_SensorManager: registerListenerImpl type:1 strType=android.sensor.accelerometer delay:200000 maxLatency:0 by: class ms.bd.o.r1 num: 2
06-06 01:12:41.335 26967 27083 E _V_SensorManager: unregisterListenerImpl listener=ms.bd.o.r1@e6320f8sensor=NULL num: 3
06-06 01:12:52.618 26967 26967 E libprocessgroup: set_timerslack_ns write failed: Operation not permitted
06-06 01:12:52.642 26967 27407 E AudioTrack: getpackName can't get client name
06-06 01:12:58.530 26967 26980 E gcblocker: too long GC blocking
06-06 01:12:58.530 26967 26980 E gcblocker: gc block end, 85565515,5006
06-06 01:13:19.393 26967 27986 E _V_SensorManager: registerListenerImpl type:1 strType=android.sensor.accelerometer delay:0 maxLatency:0 by: class com.appsflyer.internal.w num: 2
06-06 01:13:19.419 26967 27986 E _V_SensorManager: registerListenerImpl type:2 strType=android.sensor.magnetic_field delay:0 maxLatency:0 by: class com.appsflyer.internal.w num: 3
06-06 01:13:19.425 26967 27986 E _V_SensorManager: registerListenerImpl type:4 strType=android.sensor.gyroscope delay:0 maxLatency:0 by: class com.appsflyer.internal.w num: 4
06-06 01:13:19.989 26967 27986 E _V_SensorManager: unregisterListenerImpl listener=com.appsflyer.internal.w@3b2e2d49sensor=NULL num: 5
06-06 01:13:19.993 26967 27986 E _V_SensorManager: unregisterListenerImpl listener=com.appsflyer.internal.w@922a4c90sensor=NULL num: 4
06-06 01:13:19.997 26967 27986 E _V_SensorManager: unregisterListenerImpl listener=com.appsflyer.internal.w@979f95a4sensor=NULL num: 3
06-06 01:13:22.276 26967 26980 E gcblocker: too long GC blocking
06-06 01:13:22.276 26967 26980 E gcblocker: gc block end, 85589258,5009
06-06 01:13:33.325 26967 27083 E _V_SensorManager: unregisterListenerImpl listener=ms.bd.o.q1@7de19afsensor=NULL num: 2
06-06 01:13:56.374 26967 26967 E libprocessgroup: set_timerslack_ns write failed: Operation not permitted
06-06 01:13:56.375 26967 26967 E libprocessgroup: set_timerslack_ns write failed: Operation not permitted
06-06 01:13:56.545 26967 27411 E AudioTrack: getpackName can't get client name
06-06 01:13:56.860 26967 26967 E libprocessgroup: set_timerslack_ns write failed: Operation not permitted
06-06 01:14:01.395 26967 26980 E gcblocker: too long GC blocking
06-06 01:14:01.395 26967 26980 E gcblocker: gc block end, 85628377,5008
06-06 01:14:03.127 26967 26967 E Instrumentation: Uninitialized ActivityThread, likely app-created Instrumentation, disabling AppComponentFactory
06-06 01:14:03.127 26967 26967 E Instrumentation: java.lang.Throwable
06-06 01:14:03.127 26967 26967 E Instrumentation: at android.app.Instrumentation.getFactory(Instrumentation.java:1312)
06-06 01:14:03.127 26967 26967 E Instrumentation: at android.app.Instrumentation.newActivity(Instrumentation.java:1303)
06-06 01:14:03.127 26967 26967 E Instrumentation: at android.app.ActivityThread.performLaunchActivity(ActivityThread.java:3738)
06-06 01:14:03.127 26967 26967 E Instrumentation: at android.app.ActivityThread.handleLaunchActivity(ActivityThread.java:3997)
06-06 01:14:03.127 26967 26967 E Instrumentation: at android.app.servertransaction.LaunchActivityItem.execute(LaunchActivityItem.java:85)
06-06 01:14:03.127 26967 26967 E Instrumentation: at android.app.servertransaction.TransactionExecutor.executeCallbacks(TransactionExecutor.java:135)
06-06 01:14:03.127 26967 26967 E Instrumentation: at android.app.servertransaction.TransactionExecutor.execute(TransactionExecutor.java:95)
06-06 01:14:03.127 26967 26967 E Instrumentation: at android.app.ActivityThread$H.handleMessage(ActivityThread.java:2380)
06-06 01:14:03.127 26967 26967 E Instrumentation: at android.os.Handler.dispatchMessage(Handler.java:106)
06-06 01:14:03.127 26967 26967 E Instrumentation: at android.os.Looper.loop(Looper.java:257)
06-06 01:14:03.127 26967 26967 E Instrumentation: at android.app.ActivityThread.main(ActivityThread.java:8335)
06-06 01:14:03.127 26967 26967 E Instrumentation: at java.lang.reflect.Method.invoke(Native Method)
06-06 01:14:03.127 26967 26967 E Instrumentation: at com.android.internal.os.RuntimeInit$MethodAndArgsCaller.run(RuntimeInit.java:626)
06-06 01:14:03.127 26967 26967 E Instrumentation: at com.android.internal.os.ZygoteInit.main(ZygoteInit.java:1032)
06-06 01:14:03.576 26967 28123 E LSNetworkProbeEngine: [NetworkProber]SetProbeInterval: -1
06-06 01:14:03.625 26967 28162 E LSNetworkProbeEngine: [NetworkProber] no probe task and sleep for 30s
06-06 01:14:04.485 26967 28123 E LSNetworkProbeEngine: [NetworkProber]SetProbeInterval: -1
06-06 01:14:08.083 26967 26980 E gcblocker: too long GC blocking
06-06 01:14:08.084 26967 26980 E gcblocker: gc block end, 85635063,5011
06-06 01:14:26.211 26967 26980 E gcblocker: too long GC blocking
06-06 01:14:26.311 26967 26980 I chatty : uid=10215(com.zhiliaoapp.musically) HeapTaskDaemon identical 1 line
06-06 01:14:26.411 26967 26980 E gcblocker: too long GC blocking
06-06 01:14:26.412 26967 26980 E gcblocker: gc block end, 85653183,5219
06-06 01:14:30.094 26967 26967 E Instrumentation: Uninitialized ActivityThread, likely app-created Instrumentation, disabling AppComponentFactory
06-06 01:14:30.094 26967 26967 E Instrumentation: java.lang.Throwable
06-06 01:14:30.094 26967 26967 E Instrumentation: at android.app.Instrumentation.getFactory(Instrumentation.java:1312)
06-06 01:14:30.094 26967 26967 E Instrumentation: at android.app.Instrumentation.newActivity(Instrumentation.java:1303)
06-06 01:14:30.094 26967 26967 E Instrumentation: at android.app.ActivityThread.performLaunchActivity(ActivityThread.java:3738)
06-06 01:14:30.094 26967 26967 E Instrumentation: at android.app.ActivityThread.handleLaunchActivity(ActivityThread.java:3997)
06-06 01:14:30.094 26967 26967 E Instrumentation: at android.app.servertransaction.LaunchActivityItem.execute(LaunchActivityItem.java:85)
06-06 01:14:30.094 26967 26967 E Instrumentation: at android.app.servertransaction.TransactionExecutor.executeCallbacks(TransactionExecutor.java:135)
06-06 01:14:30.094 26967 26967 E Instrumentation: at android.app.servertransaction.TransactionExecutor.execute(TransactionExecutor.java:95)
06-06 01:14:30.094 26967 26967 E Instrumentation: at android.app.ActivityThread$H.handleMessage(ActivityThread.java:2380)
06-06 01:14:30.094 26967 26967 E Instrumentation: at android.os.Handler.dispatchMessage(Handler.java:106)
06-06 01:14:30.094 26967 26967 E Instrumentation: at android.os.Looper.loop(Looper.java:257)
06-06 01:14:30.094 26967 26967 E Instrumentation: at android.app.ActivityThread.main(ActivityThread.java:8335)
06-06 01:14:30.094 26967 26967 E Instrumentation: at java.lang.reflect.Method.invoke(Native Method)
06-06 01:14:30.094 26967 26967 E Instrumentation: at com.android.internal.os.RuntimeInit$MethodAndArgsCaller.run(RuntimeInit.java:626)
06-06 01:14:30.094 26967 26967 E Instrumentation: at com.android.internal.os.ZygoteInit.main(ZygoteInit.java:1032)
06-06 01:14:33.713 26967 28162 E LSNetworkProbeEngine: [NetworkProber] no probe task and sleep for 30s
06-06 01:14:35.434 26967 26980 E gcblocker: too long GC blocking
06-06 01:14:35.434 26967 26980 E gcblocker: gc block end, 85662407,5018
06-06 01:14:37.795 26967 26967 E Instrumentation: Uninitialized ActivityThread, likely app-created Instrumentation, disabling AppComponentFactory
06-06 01:14:37.795 26967 26967 E Instrumentation: java.lang.Throwable
06-06 01:14:37.795 26967 26967 E Instrumentation: at android.app.Instrumentation.getFactory(Instrumentation.java:1312)
06-06 01:14:37.795 26967 26967 E Instrumentation: at android.app.Instrumentation.newActivity(Instrumentation.java:1303)
06-06 01:14:37.795 26967 26967 E Instrumentation: at android.app.ActivityThread.performLaunchActivity(ActivityThread.java:3738)
06-06 01:14:37.795 26967 26967 E Instrumentation: at android.app.ActivityThread.handleLaunchActivity(ActivityThread.java:3997)
06-06 01:14:37.795 26967 26967 E Instrumentation: at android.app.servertransaction.LaunchActivityItem.execute(LaunchActivityItem.java:85)
06-06 01:14:37.795 26967 26967 E Instrumentation: at android.app.servertransaction.TransactionExecutor.executeCallbacks(TransactionExecutor.java:135)
06-06 01:14:37.795 26967 26967 E Instrumentation: at android.app.servertransaction.TransactionExecutor.execute(TransactionExecutor.java:95)
06-06 01:14:37.795 26967 26967 E Instrumentation: at android.app.ActivityThread$H.handleMessage(ActivityThread.java:2380)
06-06 01:14:37.795 26967 26967 E Instrumentation: at android.os.Handler.dispatchMessage(Handler.java:106)
06-06 01:14:37.795 26967 26967 E Instrumentation: at android.os.Looper.loop(Looper.java:257)
06-06 01:14:37.795 26967 26967 E Instrumentation: at android.app.ActivityThread.main(ActivityThread.java:8335)
06-06 01:14:37.795 26967 26967 E Instrumentation: at java.lang.reflect.Method.invoke(Native Method)
06-06 01:14:37.795 26967 26967 E Instrumentation: at com.android.internal.os.RuntimeInit$MethodAndArgsCaller.run(RuntimeInit.java:626)
06-06 01:14:37.795 26967 26967 E Instrumentation: at com.android.internal.os.ZygoteInit.main(ZygoteInit.java:1032)
06-06 01:14:38.559 26967 26967 E libprocessgroup: set_timerslack_ns write failed: Operation not permitted
06-06 01:14:38.559 26967 26967 E libprocessgroup: set_timerslack_ns write failed: Operation not permitted
06-06 01:14:39.594 26967 27396 E AudioTrack: getpackName can't get client name
06-06 01:14:40.334 26967 27083 E _V_SensorManager: registerListenerImpl type:1 strType=android.sensor.accelerometer delay:200000 maxLatency:0 by: class ms.bd.o.r1 num: 1
06-06 01:14:40.757 26967 27010 E sami_engine: [INFO] [01:14:40] [/Users/sami_core_ios_1_4_lky_bhclf_lzlja/18627/sami_core/sami_engine/src/engine/engine.cpp:260] SAMI Engine version: 1.9.0
06-06 01:14:40.757 26967 27010 E sami_engine:
06-06 01:14:40.759 26967 27010 E sami_engine: [INFO] [01:14:40] [/Users/sami_core_ios_1_4_lky_bhclf_lzlja/18627/sami_core/sami_engine/src/common/common.cpp:980] Format ID: 2
06-06 01:14:40.759 26967 27010 E sami_engine:
06-06 01:14:40.760 26967 27010 E sami_engine: [INFO] [01:14:40] [/Users/sami_core_ios_1_4_lky_bhclf_lzlja/18627/sami_core/sami_engine/src/common/common.cpp:987] Model version: 1.3
06-06 01:14:40.760 26967 27010 E sami_engine:
06-06 01:14:40.760 26967 27010 E sami_engine: [INFO] [01:14:40] [/Users/sami_core_ios_1_4_lky_bhclf_lzlja/18627/sami_core/sami_engine/src/common/common.cpp:980] Format ID: 2
06-06 01:14:40.760 26967 27010 E sami_engine:
06-06 01:14:40.760 26967 27010 E sami_engine: [INFO] [01:14:40] [/Users/sami_core_ios_1_4_lky_bhclf_lzlja/18627/sami_core/sami_engine/src/common/common.cpp:987] Model version: 1.3
06-06 01:14:40.760 26967 27010 E sami_engine:
06-06 01:14:40.762 26967 27010 E sami_engine: [INFO] [01:14:40] [/Users/sami_core_ios_1_4_lky_bhclf_lzlja/18627/sami_core/sami_engine/src/models/basic_model.h:122] Available device num: 0
06-06 01:14:40.762 26967 27010 E sami_engine:
06-06 01:14:40.763 26967 27010 E sami_engine: [INFO] [01:14:40] [/Users/sami_core_ios_1_4_lky_bhclf_lzlja/18627/sami_core/sami_engine/src/engine/executor.cpp:84] delete base executor
06-06 01:14:40.763 26967 27010 E sami_engine:
06-06 01:14:40.764 26967 27010 E sami_engine: [INFO] [01:14:40] [/Users/sami_core_ios_1_4_lky_bhclf_lzlja/18627/sami_core/sami_engine/src/engine/engine.cpp:260] SAMI Engine version: 1.9.0
06-06 01:14:40.764 26967 27010 E sami_engine:
06-06 01:14:40.764 26967 27010 E sami_engine: [INFO] [01:14:40] [/Users/sami_core_ios_1_4_lky_bhclf_lzlja/18627/sami_core/sami_engine/src/common/common.cpp:980] Format ID: 2
06-06 01:14:40.764 26967 27010 E sami_engine:
06-06 01:14:40.764 26967 27010 E sami_engine: [INFO] [01:14:40] [/Users/sami_core_ios_1_4_lky_bhclf_lzlja/18627/sami_core/sami_engine/src/common/common.cpp:987] Model version: 1.3
06-06 01:14:40.764 26967 27010 E sami_engine:
06-06 01:14:40.764 26967 27010 E sami_engine: [INFO] [01:14:40] [/Users/sami_core_ios_1_4_lky_bhclf_lzlja/18627/sami_core/sami_engine/src/common/common.cpp:980] Format ID: 2
06-06 01:14:40.764 26967 27010 E sami_engine:
06-06 01:14:40.765 26967 27010 E sami_engine: [INFO] [01:14:40] [/Users/sami_core_ios_1_4_lky_bhclf_lzlja/18627/sami_core/sami_engine/src/common/common.cpp:987] Model version: 1.3
06-06 01:14:40.765 26967 27010 E sami_engine:
06-06 01:14:41.348 26967 27083 E _V_SensorManager: unregisterListenerImpl listener=ms.bd.o.r1@e6320f8sensor=NULL num: 2
06-06 01:14:43.112 26967 26980 E gcblocker: too long GC blocking
06-06 01:14:43.113 26967 26980 E gcblocker: gc block end, 85670095,5008
06-06 01:14:46.323 26967 26967 E libprocessgroup: set_timerslack_ns write failed: Operation not permitted
06-06 01:14:46.323 26967 26967 E libprocessgroup: set_timerslack_ns write failed: Operation not permitted
06-06 01:14:46.330 26967 28320 E Surface : freeAllBuffers: 8 buffers were freed while being dequeued!
06-06 01:14:46.361 26967 27010 E sami_engine: [INFO] [01:14:46] [/Users/sami_core_ios_1_4_lky_bhclf_lzlja/18627/sami_core/sami_engine/src/engine/executor.cpp:84] delete base executor
06-06 01:14:46.361 26967 27010 E sami_engine:
06-06 01:14:49.368 26967 27397 E AudioTrack: getpackName can't get client name
06-06 01:14:53.610 26967 26980 E gcblocker: too long GC blocking
06-06 01:14:53.610 26967 26980 E gcblocker: gc block end, 85680594,5007
06-06 01:14:57.721 26967 26967 E libprocessgroup: set_timerslack_ns write failed: Operation not permitted
06-06 01:14:57.953 26967 27421 E AudioTrack: getpackName can't get client name
06-06 01:15:03.385 26967 26980 E gcblocker: too long GC blocking
06-06 01:15:03.386 26967 26980 E gcblocker: gc block end, 85690363,5013
06-06 01:15:03.801 26967 28162 E LSNetworkProbeEngine: [NetworkProber] no probe task and sleep for 30s
06-06 01:15:13.983 26967 26967 E libprocessgroup: set_timerslack_ns write failed: Operation not permitted
06-06 01:15:14.159 26967 27419 E AudioTrack: getpackName can't get client name
06-06 01:15:20.707 26967 26980 E gcblocker: too long GC blocking
06-06 01:15:20.707 26967 26980 E gcblocker: gc block end, 85707691,5007
06-06 01:15:30.070 26967 26967 E libprocessgroup: set_timerslack_ns write failed: Operation not permitted
06-06 01:15:30.071 26967 26967 E libprocessgroup: set_timerslack_ns write failed: Operation not permitted
06-06 01:15:30.246 26967 27396 E AudioTrack: getpackName can't get client name
06-06 01:15:30.664 26967 26967 E libprocessgroup: set_timerslack_ns write failed: Operation not permitted
06-06 01:15:33.891 26967 28162 E LSNetworkProbeEngine: [NetworkProber] no probe task and sleep for 30s
06-06 01:15:35.113 26967 26980 E gcblocker: too long GC blocking
06-06 01:15:35.114 26967 26980 E gcblocker: gc block end, 85722098,5006
06-06 01:15:38.896 26967 26967 E libprocessgroup: set_timerslack_ns write failed: Operation not permitted
06-06 01:15:38.910 26967 27408 E AudioTrack: getpackName can't get client name
06-06 01:15:44.015 26967 26980 E gcblocker: too long GC blocking
06-06 01:15:44.016 26967 26980 E gcblocker: gc block end, 85731001,5006
06-06 01:15:55.218 26967 26967 E libprocessgroup: set_timerslack_ns write failed: Operation not permitted
06-06 01:15:55.371 26967 27433 E AudioTrack: getpackName can't get client name
06-06 01:15:56.269 26967 26967 E libprocessgroup: set_timerslack_ns write failed: Operation not permitted
06-06 01:15:56.270 26967 26967 E libprocessgroup: set_timerslack_ns write failed: Operation not permitted
06-06 01:15:56.460 26967 27432 E AudioTrack: getpackName can't get client name
06-06 01:15:59.009 26967 26967 E libprocessgroup: set_timerslack_ns write failed: Operation not permitted
06-06 01:15:59.169 26967 27435 E AudioTrack: getpackName can't get client name
06-06 01:16:00.475 26967 26967 E libprocessgroup: set_timerslack_ns write failed: Operation not permitted
06-06 01:16:00.673 26967 27434 E AudioTrack: getpackName can't get client name
06-06 01:16:00.716 26967 26980 E gcblocker: too long GC blocking
06-06 01:16:00.817 26967 26980 E gcblocker: too long GC blocking
06-06 01:16:01.418 26967 26980 I chatty : uid=10215(com.zhiliaoapp.musically) HeapTaskDaemon identical 6 lines
06-06 01:16:01.518 26967 26980 E gcblocker: too long GC blocking
06-06 01:16:01.519 26967 26980 E gcblocker: gc block end, 85747701,5808
06-06 01:16:03.961 26967 28162 E LSNetworkProbeEngine: [NetworkProber] no probe task and sleep for 30s
06-06 01:16:04.828 26967 28566 E Surface : freeAllBuffers: 8 buffers were freed while being dequeued!
06-06 01:16:13.110 26967 26967 E Instrumentation: Uninitialized ActivityThread, likely app-created Instrumentation, disabling AppComponentFactory
06-06 01:16:13.110 26967 26967 E Instrumentation: java.lang.Throwable
06-06 01:16:13.110 26967 26967 E Instrumentation: at android.app.Instrumentation.getFactory(Instrumentation.java:1312)
06-06 01:16:13.110 26967 26967 E Instrumentation: at android.app.Instrumentation.newActivity(Instrumentation.java:1303)
06-06 01:16:13.110 26967 26967 E Instrumentation: at android.app.ActivityThread.performLaunchActivity(ActivityThread.java:3738)
06-06 01:16:13.110 26967 26967 E Instrumentation: at android.app.ActivityThread.handleLaunchActivity(ActivityThread.java:3997)
06-06 01:16:13.110 26967 26967 E Instrumentation: at android.app.servertransaction.LaunchActivityItem.execute(LaunchActivityItem.java:85)
06-06 01:16:13.110 26967 26967 E Instrumentation: at android.app.servertransaction.TransactionExecutor.executeCallbacks(TransactionExecutor.java:135)
06-06 01:16:13.110 26967 26967 E Instrumentation: at android.app.servertransaction.TransactionExecutor.execute(TransactionExecutor.java:95)
06-06 01:16:13.110 26967 26967 E Instrumentation: at android.app.ActivityThread$H.handleMessage(ActivityThread.java:2380)
06-06 01:16:13.110 26967 26967 E Instrumentation: at android.os.Handler.dispatchMessage(Handler.java:106)
06-06 01:16:13.110 26967 26967 E Instrumentation: at android.os.Looper.loop(Looper.java:257)
06-06 01:16:13.110 26967 26967 E Instrumentation: at android.app.ActivityThread.main(ActivityThread.java:8335)
06-06 01:16:13.110 26967 26967 E Instrumentation: at java.lang.reflect.Method.invoke(Native Method)
06-06 01:16:13.110 26967 26967 E Instrumentation: at com.android.internal.os.RuntimeInit$MethodAndArgsCaller.run(RuntimeInit.java:626)
06-06 01:16:13.110 26967 26967 E Instrumentation: at com.android.internal.os.ZygoteInit.main(ZygoteInit.java:1032)
06-06 01:16:13.541 26967 26980 E gcblocker: too long GC blocking
06-06 01:16:13.638 26967 26967 E libprocessgroup: set_timerslack_ns write failed: Operation not permitted
06-06 01:16:13.639 26967 26967 E libprocessgroup: set_timerslack_ns write failed: Operation not permitted
06-06 01:16:13.643 26967 26980 E gcblocker: too long GC blocking
06-06 01:16:13.743 26967 26980 E gcblocker: too long GC blocking
06-06 01:16:13.843 26967 26980 E gcblocker: too long GC blocking
06-06 01:16:13.944 26967 26980 E gcblocker: too long GC blocking
06-06 01:16:14.044 26967 26980 E gcblocker: too long GC blocking
06-06 01:16:14.144 26967 26980 E gcblocker: too long GC blocking
06-06 01:16:14.545 26967 26980 I chatty : uid=10215(com.zhiliaoapp.musically) HeapTaskDaemon identical 4 lines
06-06 01:16:14.645 26967 26980 E gcblocker: too long GC blocking
06-06 01:16:14.646 26967 26980 E gcblocker: gc block end, 85760515,6121
06-06 01:16:15.515 26967 27408 E AudioTrack: getpackName can't get client name
06-06 01:16:25.156 26967 28614 E Surface : freeAllBuffers: 8 buffers were freed while being dequeued!
06-06 01:16:27.128 26967 26967 E Instrumentation: Uninitialized ActivityThread, likely app-created Instrumentation, disabling AppComponentFactory
06-06 01:16:27.128 26967 26967 E Instrumentation: java.lang.Throwable
06-06 01:16:27.128 26967 26967 E Instrumentation: at android.app.Instrumentation.getFactory(Instrumentation.java:1312)
06-06 01:16:27.128 26967 26967 E Instrumentation: at android.app.Instrumentation.newActivity(Instrumentation.java:1303)
06-06 01:16:27.128 26967 26967 E Instrumentation: at android.app.ActivityThread.performLaunchActivity(ActivityThread.java:3738)
06-06 01:16:27.128 26967 26967 E Instrumentation: at android.app.ActivityThread.handleLaunchActivity(ActivityThread.java:3997)
06-06 01:16:27.128 26967 26967 E Instrumentation: at android.app.servertransaction.LaunchActivityItem.execute(LaunchActivityItem.java:85)
06-06 01:16:27.128 26967 26967 E Instrumentation: at android.app.servertransaction.TransactionExecutor.executeCallbacks(TransactionExecutor.java:135)
06-06 01:16:27.128 26967 26967 E Instrumentation: at android.app.servertransaction.TransactionExecutor.execute(TransactionExecutor.java:95)
06-06 01:16:27.128 26967 26967 E Instrumentation: at android.app.ActivityThread$H.handleMessage(ActivityThread.java:2380)
06-06 01:16:27.128 26967 26967 E Instrumentation: at android.os.Handler.dispatchMessage(Handler.java:106)
06-06 01:16:27.128 26967 26967 E Instrumentation: at android.os.Looper.loop(Looper.java:257)
06-06 01:16:27.128 26967 26967 E Instrumentation: at android.app.ActivityThread.main(ActivityThread.java:8335)
06-06 01:16:27.128 26967 26967 E Instrumentation: at java.lang.reflect.Method.invoke(Native Method)
06-06 01:16:27.128 26967 26967 E Instrumentation: at com.android.internal.os.RuntimeInit$MethodAndArgsCaller.run(RuntimeInit.java:626)
06-06 01:16:27.128 26967 26967 E Instrumentation: at com.android.internal.os.ZygoteInit.main(ZygoteInit.java:1032)
06-06 01:16:27.640 26967 26967 E libprocessgroup: set_timerslack_ns write failed: Operation not permitted
06-06 01:16:29.197 26967 27432 E AudioTrack: getpackName can't get client name
06-06 01:16:32.256 26967 26980 E gcblocker: too long GC blocking
06-06 01:16:32.257 26967 26980 E gcblocker: gc block end, 85779238,5009
06-06 01:16:34.049 26967 28162 E LSNetworkProbeEngine: [NetworkProber] no probe task and sleep for 30s
06-06 01:16:40.333 26967 27083 E _V_SensorManager: registerListenerImpl type:1 strType=android.sensor.accelerometer delay:200000 maxLatency:0 by: class ms.bd.o.r1 num: 1
06-06 01:16:40.719 26967 28656 E Surface : freeAllBuffers: 14 buffers were freed while being dequeued!
06-06 01:16:41.345 26967 27083 E _V_SensorManager: unregisterListenerImpl listener=ms.bd.o.r1@e6320f8sensor=NULL num: 2
06-06 01:16:53.963 26967 26980 E gcblocker: too long GC blocking
06-06 01:16:53.963 26967 26980 E gcblocker: gc block end, 85800935,5019
06-06 01:17:03.744 26967 26980 E gcblocker: too long GC blocking
06-06 01:17:03.844 26967 26980 E gcblocker: too long GC blocking
06-06 01:17:03.944 26967 26980 E gcblocker: too long GC blocking
06-06 01:17:03.945 26967 26980 E gcblocker: gc block end, 85810703,5232
06-06 01:17:04.129 26967 28162 E LSNetworkProbeEngine: [NetworkProber] no probe task and sleep for 30s
06-06 01:17:14.986 26967 26980 E gcblocker: too long GC blocking
06-06 01:17:15.086 26967 26980 E gcblocker: too long GC blocking
06-06 01:17:15.187 26967 26980 E gcblocker: too long GC blocking
06-06 01:17:15.187 26967 26980 E gcblocker: gc block end, 85821940,5237
06-06 01:17:25.467 26967 26980 E gcblocker: too long GC blocking
06-06 01:17:25.467 26967 26980 E gcblocker: gc block end, 85832441,5017
06-06 01:17:32.962 26967 26980 E gcblocker: too long GC blocking
06-06 01:17:32.962 26967 26980 E gcblocker: gc block end, 85839909,5044
06-06 01:17:34.215 26967 28162 E LSNetworkProbeEngine: [NetworkProber] no probe task and sleep for 30s
06-06 01:17:42.789 26967 26980 E gcblocker: too long GC blocking
06-06 01:17:42.790 26967 26980 E gcblocker: gc block end, 85849765,5015
06-06 01:17:51.480 26967 26980 E gcblocker: too long GC blocking
06-06 01:17:51.480 26967 26980 E gcblocker: gc block end, 85858460,5011
06-06 01:17:58.167 26967 26980 E gcblocker: too long GC blocking
06-06 01:17:58.267 26967 26980 E gcblocker: too long GC blocking
06-06 01:17:58.368 26967 26980 E gcblocker: too long GC blocking
06-06 01:17:58.468 26967 26980 E gcblocker: too long GC blocking
06-06 01:17:58.569 26967 26980 E gcblocker: too long GC blocking
06-06 01:17:58.669 26967 26980 E gcblocker: too long GC blocking
06-06 01:17:58.769 26967 26980 E gcblocker: too long GC blocking
06-06 01:17:58.970 26967 26980 I chatty : uid=10215(com.zhiliaoapp.musically) HeapTaskDaemon identical 2 lines
06-06 01:17:59.072 26967 26980 E gcblocker: too long GC blocking
06-06 01:17:59.073 26967 26980 E gcblocker: gc block end, 85865135,5928
06-06 01:18:04.303 26967 28162 E LSNetworkProbeEngine: [NetworkProber] no probe task and sleep for 30s
06-06 01:18:05.248 26967 26980 E gcblocker: too long GC blocking
06-06 01:18:05.249 26967 26980 E gcblocker: gc block end, 85872208,5031
06-06 01:18:12.657 26967 26980 E gcblocker: too long GC blocking
06-06 01:18:13.359 26967 26980 I chatty : uid=10215(com.zhiliaoapp.musically) HeapTaskDaemon identical 7 lines
06-06 01:18:13.459 26967 26980 E gcblocker: too long GC blocking
06-06 01:18:13.459 26967 26980 E gcblocker: gc block end, 85879632,5818
06-06 01:18:22.550 26967 26980 E gcblocker: too long GC blocking
06-06 01:18:22.551 26967 26980 E gcblocker: gc block end, 85889505,5037
06-06 01:18:24.866 26967 26967 E libprocessgroup: set_timerslack_ns write failed: Operation not permitted
06-06 01:18:24.988 26967 26967 E libprocessgroup: set_timerslack_ns write failed: Operation not permitted
06-06 01:18:24.989 26967 26967 E libprocessgroup: set_timerslack_ns write failed: Operation not permitted
06-06 01:18:25.157 26967 27435 E AudioTrack: getpackName can't get client name
06-06 01:18:25.516 26967 26967 E libprocessgroup: set_timerslack_ns write failed: Operation not permitted
06-06 01:18:34.391 26967 28162 E LSNetworkProbeEngine: [NetworkProber] no probe task and sleep for 30s
06-06 01:18:34.817 26967 26980 E gcblocker: too long GC blocking
06-06 01:18:34.817 26967 26980 E gcblocker: gc block end, 85901802,5005
06-06 01:18:40.335 26967 27083 E _V_SensorManager: registerListenerImpl type:1 strType=android.sensor.accelerometer delay:200000 maxLatency:0 by: class ms.bd.o.r1 num: 1
06-06 01:18:41.349 26967 27083 E _V_SensorManager: unregisterListenerImpl listener=ms.bd.o.r1@e6320f8sensor=NULL num: 2
06-06 01:18:43.698 26967 26967 E libprocessgroup: set_timerslack_ns write failed: Operation not permitted
06-06 01:18:43.714 26967 27430 E AudioTrack: getpackName can't get client name
06-06 01:18:49.033 26967 26980 E gcblocker: too long GC blocking
06-06 01:18:49.034 26967 26980 E gcblocker: gc block end, 85916018,5006
06-06 01:19:04.478 26967 28162 E LSNetworkProbeEngine: [NetworkProber] no probe task and sleep for 30s
06-06 01:19:34.565 26967 28162 E LSNetworkProbeEngine: [NetworkProber] no probe task and sleep for 30s
06-06 01:20:03.966 26967 26967 E libprocessgroup: set_timerslack_ns write failed: Operation not permitted
06-06 01:20:04.179 26967 27431 E AudioTrack: getpackName can't get client name
06-06 01:20:04.653 26967 28162 E LSNetworkProbeEngine: [NetworkProber] no probe task and sleep for 30s
06-06 01:20:09.658 26967 26980 E gcblocker: too long GC blocking
06-06 01:20:09.658 26967 26980 E gcblocker: gc block end, 85996643,5006
06-06 01:20:11.207 26967 26967 E libprocessgroup: set_timerslack_ns write failed: Operation not permitted
06-06 01:20:11.207 26967 26967 E libprocessgroup: set_timerslack_ns write failed: Operation not permitted
06-06 01:20:11.224 26967 27432 E AudioTrack: getpackName can't get client name
06-06 01:20:11.906 26967 26967 E libprocessgroup: set_timerslack_ns write failed: Operation not permitted
06-06 01:20:16.888 26967 26980 E gcblocker: too long GC blocking
06-06 01:20:16.888 26967 26980 E gcblocker: gc block end, 86003872,5007
06-06 01:20:20.468 26967 27432 E ttmn : <7ac4c55c00,audio_outlet.cpp,process,667>silence audio : 9266
06-06 01:20:34.741 26967 28162 E LSNetworkProbeEngine: [NetworkProber] no probe task and sleep for 30s
06-06 01:20:40.342 26967 27083 E _V_SensorManager: registerListenerImpl type:1 strType=android.sensor.accelerometer delay:200000 maxLatency:0 by: class ms.bd.o.r1 num: 1
06-06 01:20:41.357 26967 27083 E _V_SensorManager: unregisterListenerImpl listener=ms.bd.o.r1@e6320f8sensor=NULL num: 2
06-06 01:20:46.945 26967 26967 E libprocessgroup: set_timerslack_ns write failed: Operation not permitted
06-06 01:20:46.960 26967 27421 E AudioTrack: getpackName can't get client name
06-06 01:20:47.515 26967 26967 E libprocessgroup: set_timerslack_ns write failed: Operation not permitted
06-06 01:20:52.275 26967 26980 E gcblocker: too long GC blocking
06-06 01:20:52.275 26967 26980 E gcblocker: gc block end, 86039260,5006
06-06 01:20:58.661 26967 28123 E LSNetworkProbeEngine: [NetworkProber]SetProbeInterval: -1
06-06 01:20:58.692 26967 28123 E LSNetworkProbeEngine: [NetworkProber]SetProbeInterval: -1
06-06 01:21:04.829 26967 28162 E LSNetworkProbeEngine: [NetworkProber] no probe task and sleep for 30s
06-06 01:21:21.807 26967 26980 E gcblocker: too long GC blocking
06-06 01:21:21.808 26967 26980 E gcblocker: gc block end, 86068788,5010
06-06 01:21:34.917 26967 28162 E LSNetworkProbeEngine: [NetworkProber] no probe task and sleep for 30s
06-06 01:22:05.005 26967 28162 E LSNetworkProbeEngine: [NetworkProber] no probe task and sleep for 30s
06-06 01:22:16.574 26967 26967 E libprocessgroup: set_timerslack_ns write failed: Operation not permitted
06-06 01:22:16.591 26967 27433 E AudioTrack: getpackName can't get client name
06-06 01:22:22.233 26967 26980 E gcblocker: too long GC blocking
06-06 01:22:22.234 26967 26980 E gcblocker: gc block end, 86129217,5007
06-06 01:22:28.581 26967 26967 E libprocessgroup: set_timerslack_ns write failed: Operation not permitted
06-06 01:22:28.582 26967 26967 E libprocessgroup: set_timerslack_ns write failed: Operation not permitted
06-06 01:22:28.794 26967 27408 E AudioTrack: getpackName can't get client name
06-06 01:22:29.301 26967 26967 E libprocessgroup: set_timerslack_ns write failed: Operation not permitted
06-06 01:22:33.661 26967 26980 E gcblocker: too long GC blocking
06-06 01:22:33.661 26967 26980 E gcblocker: gc block end, 86140648,5004
06-06 01:22:35.094 26967 28162 E LSNetworkProbeEngine: [NetworkProber] no probe task and sleep for 30s
06-06 01:22:40.334 26967 27083 E _V_SensorManager: registerListenerImpl type:1 strType=android.sensor.accelerometer delay:200000 maxLatency:0 by: class ms.bd.o.r1 num: 1
06-06 01:22:41.346 26967 27083 E _V_SensorManager: unregisterListenerImpl listener=ms.bd.o.r1@e6320f8sensor=NULL num: 2
06-06 01:22:51.122 26967 26967 E libprocessgroup: set_timerslack_ns write failed: Operation not permitted
06-06 01:22:51.137 26967 27419 E AudioTrack: getpackName can't get client name
06-06 01:22:51.838 26967 26967 E libprocessgroup: set_timerslack_ns write failed: Operation not permitted
06-06 01:22:56.213 26967 26980 E gcblocker: too long GC blocking
06-06 01:22:56.214 26967 26980 E gcblocker: gc block end, 86163200,5004
06-06 01:23:00.467 26967 26967 E libprocessgroup: set_timerslack_ns write failed: Operation not permitted
06-06 01:23:00.494 26967 27432 E AudioTrack: getpackName can't get client name
06-06 01:23:05.181 26967 28162 E LSNetworkProbeEngine: [NetworkProber] no probe task and sleep for 30s
06-06 01:23:06.292 26967 26980 E gcblocker: too long GC blocking
06-06 01:23:06.292 26967 26980 E gcblocker: gc block end, 86173275,5008
06-06 01:23:15.169 26967 26980 E gcblocker: too long GC blocking
06-06 01:23:15.169 26967 26980 E gcblocker: gc block end, 86182154,5006
06-06 01:23:35.269 26967 28162 E LSNetworkProbeEngine: [NetworkProber] no probe task and sleep for 30s
06-06 01:23:45.866 26967 26980 E gcblocker: too long GC blocking
06-06 01:23:45.867 26967 26980 E gcblocker: gc block end, 86212827,5030
06-06 01:23:48.831 26967 26967 E libprocessgroup: set_timerslack_ns write failed: Operation not permitted
06-06 01:23:48.831 26967 26967 E libprocessgroup: set_timerslack_ns write failed: Operation not permitted
06-06 01:23:48.898 26967 27433 E ttmn : <7ad2e3fa00,ff_demuxer_android.cpp,readFFPacket,744>ffmpeg format error.code:-499960,message:Unknown error 499960
06-06 01:23:49.050 26967 27408 E AudioTrack: getpackName can't get client name
06-06 01:23:49.523 26967 26967 E libprocessgroup: set_timerslack_ns write failed: Operation not permitted
06-06 01:23:55.684 26967 26980 E gcblocker: too long GC blocking
06-06 01:23:55.684 26967 26980 E gcblocker: gc block end, 86222668,5007
06-06 01:23:56.150 26967 26967 E libprocessgroup: set_timerslack_ns write failed: Operation not permitted
06-06 01:23:56.163 26967 27396 E AudioTrack: getpackName can't get client name
06-06 01:23:56.844 26967 26967 E libprocessgroup: set_timerslack_ns write failed: Operation not permitted
06-06 01:24:01.867 26967 26980 E gcblocker: too long GC blocking
06-06 01:24:01.867 26967 26980 E gcblocker: gc block end, 86228853,5005
06-06 01:24:05.357 26967 28162 E LSNetworkProbeEngine: [NetworkProber] no probe task and sleep for 30s
06-06 01:24:05.422 26967 27396 E ttmn : <7a2a60a800,audio_outlet.cpp,process,667>silence audio : 9266
06-06 01:24:28.390 26967 26967 E libprocessgroup: set_timerslack_ns write failed: Operation not permitted
06-06 01:24:28.412 26967 27430 E AudioTrack: getpackName can't get client name
06-06 01:24:30.359 26967 26967 E libprocessgroup: set_timerslack_ns write failed: Operation not permitted
06-06 01:24:30.360 26967 26967 E libprocessgroup: set_timerslack_ns write failed: Operation not permitted
06-06 01:24:30.555 26967 27431 E AudioTrack: getpackName can't get client name
06-06 01:24:30.900 26967 26967 E libprocessgroup: set_timerslack_ns write failed: Operation not permitted
06-06 01:24:31.321 26967 26967 E libprocessgroup: set_timerslack_ns write failed: Operation not permitted
06-06 01:24:31.335 26967 27407 E AudioTrack: getpackName can't get client name
06-06 01:24:31.869 26967 26967 E libprocessgroup: set_timerslack_ns write failed: Operation not permitted
06-06 01:24:32.021 26967 27433 E AudioTrack: getpackName can't get client name
06-06 01:24:33.730 26967 26980 E gcblocker: too long GC blocking
06-06 01:24:33.731 26967 26980 E gcblocker: gc block end, 86260715,5007
06-06 01:24:35.446 26967 28162 E LSNetworkProbeEngine: [NetworkProber] no probe task and sleep for 30s
06-06 01:24:40.331 26967 27083 E _V_SensorManager: registerListenerImpl type:1 strType=android.sensor.accelerometer delay:200000 maxLatency:0 by: class ms.bd.o.r1 num: 1
06-06 01:24:41.341 26967 27083 E _V_SensorManager: unregisterListenerImpl listener=ms.bd.o.r1@e6320f8sensor=NULL num: 2
06-06 01:24:41.566 26967 26967 E libprocessgroup: set_timerslack_ns write failed: Operation not permitted
06-06 01:24:41.566 26967 26967 E libprocessgroup: set_timerslack_ns write failed: Operation not permitted
06-06 01:24:41.741 26967 27421 E AudioTrack: getpackName can't get client name
06-06 01:24:45.246 26967 26980 E gcblocker: too long GC blocking
06-06 01:24:45.247 26967 26980 E gcblocker: gc block end, 86272231,5006
06-06 01:25:05.533 26967 28162 E LSNetworkProbeEngine: [NetworkProber] no probe task and sleep for 30s
06-06 01:25:12.087 26967 26967 E libprocessgroup: set_timerslack_ns write failed: Operation not permitted
06-06 01:25:12.088 26967 26967 E libprocessgroup: set_timerslack_ns write failed: Operation not permitted
06-06 01:25:12.290 26967 27407 E AudioTrack: getpackName can't get client name
06-06 01:25:14.822 26967 26967 E libprocessgroup: set_timerslack_ns write failed: Operation not permitted
06-06 01:25:15.044 26967 27397 E AudioTrack: getpackName can't get client name
06-06 01:25:17.880 26967 26980 E gcblocker: too long GC blocking
06-06 01:25:17.880 26967 26980 E gcblocker: gc block end, 86304865,5006
06-06 01:25:23.414 26967 26967 E libprocessgroup: set_timerslack_ns write failed: Operation not permitted
06-06 01:25:23.618 26967 27419 E AudioTrack: getpackName can't get client name
06-06 01:25:26.720 26967 26967 E libprocessgroup: set_timerslack_ns write failed: Operation not permitted
06-06 01:25:26.721 26967 26967 E libprocessgroup: set_timerslack_ns write failed: Operation not permitted
06-06 01:25:26.739 26967 27411 E AudioTrack: getpackName can't get client name
06-06 01:25:28.917 26967 26980 E gcblocker: too long GC blocking
06-06 01:25:28.917 26967 26980 E gcblocker: gc block end, 86315902,5006
06-06 01:25:35.621 26967 28162 E LSNetworkProbeEngine: [NetworkProber] no probe task and sleep for 30s
06-06 01:25:35.980 26967 26980 E gcblocker: too long GC blocking
06-06 01:25:35.980 26967 26980 E gcblocker: gc block end, 86322965,5006
06-06 01:25:46.894 26967 29748 E _V_SensorManager: unregisterListenerImpl listener=com.appsflyer.internal.w@3b2e2d49sensor=NULL num: 1
06-06 01:25:46.896 26967 29748 E _V_SensorManager: unregisterListenerImpl listener=com.appsflyer.internal.w@922a4c90sensor=NULL num: 1
06-06 01:25:46.898 26967 29748 E _V_SensorManager: unregisterListenerImpl listener=com.appsflyer.internal.w@979f95a4sensor=NULL num: 1
06-06 01:25:47.155 26967 29759 E _V_SensorManager: unregisterListenerImpl listener=X.Dk4@cf2c66fsensor=NULL num: 1
06-06 01:26:05.681 26967 28162 E LSNetworkProbeEngine: [NetworkProber] no probe task and sleep for 30s
06-06 01:26:35.709 26967 28162 E LSNetworkProbeEngine: [NetworkProber] no probe task and sleep for 30s
06-06 01:47:21.808 26967 28162 E LSNetworkProbeEngine: [NetworkProber] no probe task and sleep for 30s
06-06 02:28:56.037 26967 28162 E LSNetworkProbeEngine: [NetworkProber] no probe task and sleep for 30s
06-06 02:33:14.676 26967 28162 E LSNetworkProbeEngine: [NetworkProber] no probe task and sleep for 30s
06-06 02:51:59.274 1435 1502 D _V_CgrpController: setProcessGroupWithFlags com.zhiliaoapp.musically,pid=26967,adjType=previous,states=[hasShown hasActivity hasService],group=B->B->B,threadSize=223
06-06 02:51:59.286 1435 1502 D _V_CgrpController: setProcessGroupWithFlags com.zhiliaoapp.musically,pid=26967,adjType=previous,states=[hasShown hasActivity hasService],group=B->B->LB,threadSize=223
06-06 02:52:07.277 26967 28162 E LSNetworkProbeEngine: [NetworkProber] no probe task and sleep for 30s
06-06 02:52:37.306 26967 28162 E LSNetworkProbeEngine: [NetworkProber] no probe task and sleep for 30s
06-06 02:54:16.874 26967 28162 E LSNetworkProbeEngine: [NetworkProber] no probe task and sleep for 30s
06-06 02:54:53.820 26967 28162 E LSNetworkProbeEngine: [NetworkProber] no probe task and sleep for 30s
06-06 02:55:23.848 26967 28162 E LSNetworkProbeEngine: [NetworkProber] no probe task and sleep for 30s
06-06 02:55:53.883 26967 28162 E LSNetworkProbeEngine: [NetworkProber] no probe task and sleep for 30s
06-06 02:56:23.914 26967 28162 E LSNetworkProbeEngine: [NetworkProber] no probe task and sleep for 30s
06-06 02:56:53.938 26967 28162 E LSNetworkProbeEngine: [NetworkProber] no probe task and sleep for 30s
06-06 02:57:23.976 26967 28162 E LSNetworkProbeEngine: [NetworkProber] no probe task and sleep for 30s
06-06 02:57:53.997 26967 28162 E LSNetworkProbeEngine: [NetworkProber] no probe task and sleep for 30s
06-06 03:00:38.567 26967 28162 E LSNetworkProbeEngine: [NetworkProber] no probe task and sleep for 30s
06-06 03:13:58.920 26967 28162 E LSNetworkProbeEngine: [NetworkProber] no probe task and sleep for 30s
06-06 03:56:47.486 26967 28162 E LSNetworkProbeEngine: [NetworkProber] no probe task and sleep for 30s
06-06 04:21:07.677 26967 28162 E LSNetworkProbeEngine: [NetworkProber] no probe task and sleep for 30s
06-06 04:21:37.706 26967 28162 E LSNetworkProbeEngine: [NetworkProber] no probe task and sleep for 30s
06-06 05:16:47.802 26967 28162 E LSNetworkProbeEngine: [NetworkProber] no probe task and sleep for 30s
